Last updated on 2018-11-24 00:51:04 CET.
Flavor | Version | Tinstall | Tcheck | Ttotal | Status | Flags |
---|---|---|---|---|---|---|
r-devel-linux-x86_64-debian-clang | 3.0 | 18.59 | 280.27 | 298.86 | OK | |
r-devel-linux-x86_64-debian-gcc | 3.0 | 16.12 | 219.33 | 235.45 | OK | |
r-devel-linux-x86_64-fedora-clang | 3.0 | 349.27 | OK | |||
r-devel-linux-x86_64-fedora-gcc | 3.0 | 326.53 | OK | |||
r-devel-windows-ix86+x86_64 | 3.0 | 54.00 | 383.00 | 437.00 | WARN | |
r-patched-linux-x86_64 | 3.0 | 19.69 | 269.69 | 289.38 | OK | |
r-patched-solaris-x86 | 3.0 | 514.70 | OK | |||
r-release-linux-x86_64 | 3.0 | 18.59 | 268.11 | 286.70 | OK | |
r-release-windows-ix86+x86_64 | 3.0 | 57.00 | 292.00 | 349.00 | OK | |
r-release-osx-x86_64 | 3.0 | OK | ||||
r-oldrel-windows-ix86+x86_64 | 3.0 | 47.00 | 421.00 | 468.00 | WARN | |
r-oldrel-osx-x86_64 | 3.0 | OK |
Version: 3.0
Check: whether package can be installed
Result: WARN
Found the following significant warnings:
Warning: S3 methods '[.fun_list', '[.grouped_df', 'all.equal.tbl_df', 'anti_join.data.frame', 'anti_join.tbl_df', 'arrange.data.frame', 'arrange.default', 'arrange.grouped_df', 'arrange.tbl_df', 'arrange_.data.frame', 'arrange_.tbl_df', 'as.data.frame.grouped_df', 'as.data.frame.rowwise_df', 'as.data.frame.tbl_cube', 'as.table.tbl_cube', 'as.tbl.data.frame', 'as.tbl.tbl', 'as.tbl_cube.array', 'as.tbl_cube.data.frame', 'as.tbl_cube.matrix', 'as.tbl_cube.table', 'as_tibble.grouped_df', 'as_tibble.tbl_cube', 'auto_copy.tbl_cube', 'auto_copy.tbl_df', 'cbind.grouped_df', 'collapse.data.frame', 'collect.data.frame', 'common_by.NULL', 'common_by.character', 'common_by.default', 'common_by.list', 'compute.data.frame', 'copy_to.DBIConnection', 'copy_to.src_local', 'default_missing.data.frame', 'default_missing.default', 'dim.tbl_cube', 'distinct.data.frame', 'distinct.default', 'distinct.grouped_df', 'distinct.tbl_df', 'distinct_.data.frame', 'distinct_.grouped_df', 'distinct_.tbl_df', 'do.NULL', 'do.da [... truncated]
Flavors: r-devel-windows-ix86+x86_64, r-oldrel-windows-ix86+x86_64