Last updated on 2018-11-24 00:51:05 CET.
Flavor | Version | Tinstall | Tcheck | Ttotal | Status | Flags |
---|---|---|---|---|---|---|
r-devel-linux-x86_64-debian-clang | 1.3-3 | 7.19 | 112.96 | 120.15 | OK | |
r-devel-linux-x86_64-debian-gcc | 1.3-3 | 7.18 | 85.47 | 92.65 | OK | |
r-devel-linux-x86_64-fedora-clang | 1.3-3 | 139.68 | OK | |||
r-devel-linux-x86_64-fedora-gcc | 1.3-3 | 120.93 | OK | |||
r-devel-windows-ix86+x86_64 | 1.3-3 | 20.00 | 114.00 | 134.00 | OK | |
r-patched-linux-x86_64 | 1.3-3 | 9.70 | 106.35 | 116.05 | OK | |
r-patched-solaris-x86 | 1.3-3 | 198.20 | OK | |||
r-release-linux-x86_64 | 1.3-3 | 7.84 | 106.67 | 114.51 | OK | |
r-release-windows-ix86+x86_64 | 1.3-3 | 19.00 | 165.00 | 184.00 | OK | |
r-release-osx-x86_64 | 1.3-3 | OK | ||||
r-oldrel-windows-ix86+x86_64 | 1.3-3 | 15.00 | 154.00 | 169.00 | OK | |
r-oldrel-osx-x86_64 | 1.3-3 | NOTE |
Version: 1.3-3
Check: re-building of vignette outputs
Result: NOTE
Error in re-building vignettes:
...
Loading required package: eiPack
Loading required package: MASS
Loading required package: coda
Loading required package: msm
Error in texi2dvi(file = file, pdf = TRUE, clean = clean, quiet = quiet, :
Running 'texi2dvi' on 'ei.tex' failed.
LaTeX errors:
! LaTeX Error: File `stmaryrd.sty' not found.
Type X to quit or <RETURN> to proceed,
or enter new name. (Default extension: sty)
! Emergency stop.
<read *>
l.22 \usepackage
{bbm}^^M
! ==> Fatal error occurred, no output PDF file produced!
Calls: buildVignettes -> texi2pdf -> texi2dvi
Execution halted
Flavor: r-oldrel-osx-x86_64