Last updated on 2018-11-24 00:51:05 CET.
Flavor | Version | Tinstall | Tcheck | Ttotal | Status | Flags |
---|---|---|---|---|---|---|
r-devel-linux-x86_64-debian-clang | 1.3.0 | 9.53 | 131.74 | 141.27 | NOTE | |
r-devel-linux-x86_64-debian-gcc | 1.3.0 | 6.61 | 103.19 | 109.80 | NOTE | |
r-devel-linux-x86_64-fedora-clang | 1.3.0 | 164.48 | NOTE | |||
r-devel-linux-x86_64-fedora-gcc | 1.3.0 | 161.01 | NOTE | |||
r-devel-windows-ix86+x86_64 | 1.3.0 | 19.00 | 136.00 | 155.00 | NOTE | |
r-patched-linux-x86_64 | 1.3.0 | 8.85 | 126.76 | 135.61 | NOTE | |
r-patched-solaris-x86 | 1.3.0 | 214.80 | NOTE | |||
r-release-linux-x86_64 | 1.3.0 | 6.94 | 127.70 | 134.64 | NOTE | |
r-release-windows-ix86+x86_64 | 1.3.0 | 61.00 | 134.00 | 195.00 | NOTE | |
r-release-osx-x86_64 | 1.3.0 | NOTE | ||||
r-oldrel-windows-ix86+x86_64 | 1.3.0 | 21.00 | 224.00 | 245.00 | OK | |
r-oldrel-osx-x86_64 | 1.3.0 | NOTE |
Version: 1.3.0
Check: package dependencies
Result: NOTE
Package which this enhances but not available for checking: ‘glmmADMB’
Flavors: r-devel-linux-x86_64-debian-clang, r-devel-linux-x86_64-debian-gcc, r-devel-linux-x86_64-fedora-clang, r-devel-linux-x86_64-fedora-gcc, r-devel-windows-ix86+x86_64, r-patched-linux-x86_64, r-patched-solaris-x86, r-release-linux-x86_64, r-release-windows-ix86+x86_64, r-release-osx-x86_64, r-oldrel-osx-x86_64