Last updated on 2018-11-24 00:51:05 CET.
Flavor | Version | Tinstall | Tcheck | Ttotal | Status | Flags |
---|---|---|---|---|---|---|
r-devel-linux-x86_64-debian-clang | 0.5.0 | 2.73 | 45.03 | 47.76 | OK | |
r-devel-linux-x86_64-debian-gcc | 0.5.0 | 2.84 | 35.95 | 38.79 | OK | |
r-devel-linux-x86_64-fedora-clang | 0.5.0 | 56.12 | NOTE | |||
r-devel-linux-x86_64-fedora-gcc | 0.5.0 | 54.43 | NOTE | |||
r-devel-windows-ix86+x86_64 | 0.5.0 | 9.00 | 74.00 | 83.00 | OK | |
r-patched-linux-x86_64 | 0.5.0 | 3.59 | 43.34 | 46.93 | OK | |
r-release-linux-x86_64 | 0.5.0 | 3.32 | 43.11 | 46.43 | OK | |
r-release-windows-ix86+x86_64 | 0.5.0 | 10.00 | 56.00 | 66.00 | OK | |
r-release-osx-x86_64 | 0.5.0 | ERROR | ||||
r-oldrel-windows-ix86+x86_64 | 0.5.0 | 7.00 | 77.00 | 84.00 | OK | |
r-oldrel-osx-x86_64 | 0.5.0 | ERROR |
Version: 0.5.0
Check: dependencies in R code
Result: NOTE
Namespaces in Imports field not imported from:
‘BiocParallel’ ‘broom’ ‘reshape2’ ‘rmarkdown’
All declared Imports should be used.
Flavors: r-devel-linux-x86_64-fedora-clang, r-devel-linux-x86_64-fedora-gcc
Version: 0.5.0
Check: package dependencies
Result: ERROR
Packages required but not available: ‘xcms’ ‘MSnbase’
See section ‘The DESCRIPTION file’ in the ‘Writing R Extensions’
manual.
Flavor: r-release-osx-x86_64
Version: 0.5.0
Check: package dependencies
Result: ERROR
Package required but not available: ‘MSnbase’
See section ‘The DESCRIPTION file’ in the ‘Writing R Extensions’
manual.
Flavor: r-oldrel-osx-x86_64