CRAN Package Check Results for Package envnames

Last updated on 2018-11-24 00:51:05 CET.

Flavor Version Tinstall Tcheck Ttotal Status Flags
r-devel-linux-x86_64-debian-clang 0.3.0 3.33 657.22 660.55 ERROR
r-devel-linux-x86_64-debian-gcc 0.3.0 1.98 42.80 44.78 OK
r-devel-linux-x86_64-fedora-clang 0.3.0 1862.59 ERROR
r-devel-linux-x86_64-fedora-gcc 0.3.0 1864.86 ERROR
r-devel-windows-ix86+x86_64 0.3.0 14.00 87.00 101.00 OK
r-patched-linux-x86_64 0.3.0 2.56 53.34 55.90 OK
r-patched-solaris-x86 0.3.0 1949.40 ERROR
r-release-linux-x86_64 0.3.0 2.68 53.77 56.45 OK
r-release-windows-ix86+x86_64 0.3.0 10.00 127.00 137.00 OK
r-release-osx-x86_64 0.3.0 OK
r-oldrel-windows-ix86+x86_64 0.3.0 10.00 115.00 125.00 OK
r-oldrel-osx-x86_64 0.3.0 OK

Check Details

Version: 0.3.0
Check: tests
Result: ERROR
     Running ‘testthat.R’ [33s/35s]
    Running the tests in ‘tests/testthat.R’ failed.
    Complete output:
     > library(testthat)
     > library(envnames)
     >
     > test_check("envnames")
    
     Environments involved:
     Current environment: <environment: R_GlobalEnv>
     Parent environment of env1: <environment: R_GlobalEnv>
     Parent environment of env2: <environment: R_GlobalEnv>
     Parent environment of env11: <environment: 0x52e9468>
     R_GlobalEnv env_of_envs envir
     "env2" "env2" "env2"
     correct memory address: <0x83bcb48>
     observed result: FALSE
     ── 1. Failure: T21) is_memory_address(): a string obtained as the memory address
     `observed` not equal to `expected`.
     1 element mismatch
    
     Now inside function g
     Environment name of calling function (using environmentName() function): ""
     Environment name of calling function as returned by get_fun_calling(): env1$f
     ══ testthat results ═══════════════════════════════════════════════════════════
     OK: 265 SKIPPED: 14 FAILED: 1
     1. Failure: T21) is_memory_address(): a string obtained as the memory address of an object is identified as a valid memory address (@test-functions.r#109)
    
     Error: testthat unit tests failed
     Execution halted
Flavor: r-devel-linux-x86_64-debian-clang

Version: 0.3.0
Check: re-building of vignette outputs
Result: WARN
    Error in re-building vignettes:
     ...
    Killed
Flavor: r-devel-linux-x86_64-debian-clang

Version: 0.3.0
Check: tests
Result: ERROR
     Running ‘testthat.R’ [35s/36s]
    Running the tests in ‘tests/testthat.R’ failed.
    Complete output:
     > library(testthat)
     > library(envnames)
     >
     > test_check("envnames")
    
     Environments involved:
     Current environment: <environment: R_GlobalEnv>
     Parent environment of env1: <environment: R_GlobalEnv>
     Parent environment of env2: <environment: R_GlobalEnv>
     Parent environment of env11: <environment: 0x3d5bdd8>
     R_GlobalEnv env_of_envs envir
     "env2" "env2" "env2"
     correct memory address: <0x66150b8>
     observed result: FALSE
     ── 1. Failure: T21) is_memory_address(): a string obtained as the memory address
     `observed` not equal to `expected`.
     1 element mismatch
    
     Now inside function g
     Environment name of calling function (using environmentName() function): ""
     Environment name of calling function as returned by get_fun_calling(): env1$f
     ══ testthat results ═══════════════════════════════════════════════════════════
     OK: 265 SKIPPED: 14 FAILED: 1
     1. Failure: T21) is_memory_address(): a string obtained as the memory address of an object is identified as a valid memory address (@test-functions.r#109)
    
     Error: testthat unit tests failed
     Execution halted
Flavor: r-devel-linux-x86_64-fedora-clang

Version: 0.3.0
Check: re-building of vignette outputs
Result: WARN
    Error in re-building vignettes:
     ...
Flavors: r-devel-linux-x86_64-fedora-clang, r-devel-linux-x86_64-fedora-gcc

Version: 0.3.0
Check: tests
Result: ERROR
     Running ‘testthat.R’ [39s/42s]
    Running the tests in ‘tests/testthat.R’ failed.
    Complete output:
     > library(testthat)
     > library(envnames)
     >
     > test_check("envnames")
    
     Environments involved:
     Current environment: <environment: R_GlobalEnv>
     Parent environment of env1: <environment: R_GlobalEnv>
     Parent environment of env2: <environment: R_GlobalEnv>
     Parent environment of env11: <environment: 0x5a264d8>
     R_GlobalEnv env_of_envs envir
     "env2" "env2" "env2"
     correct memory address: <0x7e19bf8>
     observed result: FALSE
     ── 1. Failure: T21) is_memory_address(): a string obtained as the memory address
     `observed` not equal to `expected`.
     1 element mismatch
    
     Now inside function g
     Environment name of calling function (using environmentName() function): ""
     Environment name of calling function as returned by get_fun_calling(): env1$f
     ══ testthat results ═══════════════════════════════════════════════════════════
     OK: 265 SKIPPED: 14 FAILED: 1
     1. Failure: T21) is_memory_address(): a string obtained as the memory address of an object is identified as a valid memory address (@test-functions.r#109)
    
     Error: testthat unit tests failed
     Execution halted
Flavor: r-devel-linux-x86_64-fedora-gcc

Version: 0.3.0
Check: tests
Result: ERROR
     Running ‘testthat.R’ [60s/70s]
    Running the tests in ‘tests/testthat.R’ failed.
    Complete output:
     > library(testthat)
     > library(envnames)
     >
     > test_check("envnames")
    
     Environments involved:
     Current environment: <environment: R_GlobalEnv>
     Parent environment of env1: <environment: R_GlobalEnv>
     Parent environment of env2: <environment: R_GlobalEnv>
     Parent environment of env11: <environment: aa82a78>
     R_GlobalEnv env_of_envs envir
     "env2" "env2" "env2"
     correct memory address: <d0abb70>
     observed result: FALSE
     ── 1. Failure: T21) is_memory_address(): a string obtained as the memory address
     `observed` not equal to `expected`.
     1 element mismatch
    
     Now inside function g
     Environment name of calling function (using environmentName() function): ""
     Environment name of calling function as returned by get_fun_calling(): env1$f
     ══ testthat results ═══════════════════════════════════════════════════════════
     OK: 265 SKIPPED: 14 FAILED: 1
     1. Failure: T21) is_memory_address(): a string obtained as the memory address of an object is identified as a valid memory address (@test-functions.r#109)
    
     Error: testthat unit tests failed
     Execution halted
Flavor: r-patched-solaris-x86

Version: 0.3.0
Check: re-building of vignette outputs
Result: WARN
    Error in re-building vignettes:
     ...
    Warning in engine$weave(file, quiet = quiet, encoding = enc) :
     Pandoc (>= 1.12.3) and/or pandoc-citeproc not available. Falling back to R Markdown v1.
Flavor: r-patched-solaris-x86