Last updated on 2018-11-24 00:51:05 CET.
Flavor | Version | Tinstall | Tcheck | Ttotal | Status | Flags |
---|---|---|---|---|---|---|
r-devel-linux-x86_64-debian-clang | 0.9.2 | 8.75 | 88.56 | 97.31 | NOTE | |
r-devel-linux-x86_64-debian-gcc | 0.9.2 | 7.47 | 69.62 | 77.09 | NOTE | |
r-devel-linux-x86_64-fedora-clang | 0.9.2 | 115.87 | NOTE | |||
r-devel-linux-x86_64-fedora-gcc | 0.9.2 | 112.48 | NOTE | |||
r-devel-windows-ix86+x86_64 | 0.9.2 | 20.00 | 90.00 | 110.00 | OK | |
r-patched-linux-x86_64 | 0.9.2 | 10.80 | 83.87 | 94.67 | NOTE | |
r-patched-solaris-x86 | 0.9.2 | 156.90 | NOTE | |||
r-release-linux-x86_64 | 0.9.2 | 10.75 | 84.59 | 95.34 | NOTE | |
r-release-windows-ix86+x86_64 | 0.9.2 | 23.00 | 88.00 | 111.00 | OK | |
r-release-osx-x86_64 | 0.9.2 | NOTE | ||||
r-oldrel-windows-ix86+x86_64 | 0.9.2 | 13.00 | 152.00 | 165.00 | OK | |
r-oldrel-osx-x86_64 | 0.9.2 | NOTE |
Version: 0.9.2
Check: DESCRIPTION meta-information
Result: NOTE
Dependence on R version ‘3.4.1’ not with patchlevel 0
Flavors: r-devel-linux-x86_64-debian-clang, r-devel-linux-x86_64-debian-gcc, r-devel-linux-x86_64-fedora-clang, r-devel-linux-x86_64-fedora-gcc, r-patched-linux-x86_64, r-release-linux-x86_64
Version: 0.9.2
Check: dependencies in R code
Result: NOTE
Namespaces in Imports field not imported from:
‘llogistic’ ‘logitnorm’
All declared Imports should be used.
Flavors: r-devel-linux-x86_64-fedora-clang, r-devel-linux-x86_64-fedora-gcc, r-patched-solaris-x86, r-release-osx-x86_64, r-oldrel-osx-x86_64