Last updated on 2018-11-24 00:51:05 CET.
Flavor | Version | Tinstall | Tcheck | Ttotal | Status | Flags |
---|---|---|---|---|---|---|
r-devel-linux-x86_64-debian-clang | 0.7.2 | 4.10 | 44.72 | 48.82 | OK | |
r-devel-linux-x86_64-debian-gcc | 0.7.2 | 3.54 | 34.96 | 38.50 | OK | |
r-devel-linux-x86_64-fedora-clang | 0.7.2 | 55.69 | NOTE | |||
r-devel-linux-x86_64-fedora-gcc | 0.7.2 | 52.66 | NOTE | |||
r-devel-windows-ix86+x86_64 | 0.7.2 | 16.00 | 113.00 | 129.00 | OK | |
r-patched-linux-x86_64 | 0.7.2 | 3.56 | 41.21 | 44.77 | OK | |
r-patched-solaris-x86 | 0.7.2 | 80.60 | OK | |||
r-release-linux-x86_64 | 0.7.2 | 4.40 | 41.02 | 45.42 | OK | |
r-release-windows-ix86+x86_64 | 0.7.2 | 18.00 | 122.00 | 140.00 | OK | |
r-release-osx-x86_64 | 0.7.2 | OK | ||||
r-oldrel-windows-ix86+x86_64 | 0.7.2 | 15.00 | 100.00 | 115.00 | OK | |
r-oldrel-osx-x86_64 | 0.7.2 | OK |
Version: 0.7.2
Check: compiled code
Result: NOTE
File ‘equivalence/libs/equivalence.so’:
Found no calls to: ‘R_registerRoutines’, ‘R_useDynamicSymbols’
It is good practice to register native routines and to disable symbol
search.
See ‘Writing portable packages’ in the ‘Writing R Extensions’ manual.
Flavors: r-devel-linux-x86_64-fedora-clang, r-devel-linux-x86_64-fedora-gcc