CRAN Package Check Results for Package etasFLP

Last updated on 2018-11-24 00:51:05 CET.

Flavor Version Tinstall Tcheck Ttotal Status Flags
r-devel-linux-x86_64-debian-clang 1.4.0 6.80 49.99 56.79 OK
r-devel-linux-x86_64-debian-gcc 1.4.0 5.26 40.76 46.02 OK
r-devel-linux-x86_64-fedora-clang 1.4.0 66.87 NOTE
r-devel-linux-x86_64-fedora-gcc 1.4.0 65.49 NOTE
r-devel-windows-ix86+x86_64 1.4.0 28.00 124.00 152.00 OK
r-patched-linux-x86_64 1.4.0 6.92 49.05 55.97 OK
r-patched-solaris-x86 1.4.0 100.40 OK
r-release-linux-x86_64 1.4.0 6.35 48.83 55.18 OK
r-release-windows-ix86+x86_64 1.4.0 19.00 119.00 138.00 OK
r-release-osx-x86_64 1.4.0 OK
r-oldrel-windows-ix86+x86_64 1.4.0 19.00 103.00 122.00 OK
r-oldrel-osx-x86_64 1.4.0 OK

Check Details

Version: 1.4.0
Check: compiled code
Result: NOTE
    File ‘etasFLP/libs/etasFLP.so’:
     Found no calls to: ‘R_registerRoutines’, ‘R_useDynamicSymbols’
    
    It is good practice to register native routines and to disable symbol
    search.
    
    See ‘Writing portable packages’ in the ‘Writing R Extensions’ manual.
Flavors: r-devel-linux-x86_64-fedora-clang, r-devel-linux-x86_64-fedora-gcc