Last updated on 2018-11-24 00:51:05 CET.
Flavor | Version | Tinstall | Tcheck | Ttotal | Status | Flags |
---|---|---|---|---|---|---|
r-devel-linux-x86_64-debian-clang | 1.1.1 | 1.96 | 24.40 | 26.36 | NOTE | |
r-devel-linux-x86_64-debian-gcc | 1.1.1 | 1.66 | 20.01 | 21.67 | NOTE | |
r-devel-linux-x86_64-fedora-clang | 1.1.1 | 31.02 | NOTE | |||
r-devel-linux-x86_64-fedora-gcc | 1.1.1 | 29.88 | NOTE | |||
r-devel-windows-ix86+x86_64 | 1.1.1 | 6.00 | 48.00 | 54.00 | NOTE | |
r-patched-linux-x86_64 | 1.1.1 | 1.44 | 23.27 | 24.71 | NOTE | |
r-patched-solaris-x86 | 1.1.1 | 45.90 | NOTE | |||
r-release-linux-x86_64 | 1.1.1 | 1.38 | 23.60 | 24.98 | NOTE | |
r-release-windows-ix86+x86_64 | 1.1.1 | 7.00 | 51.00 | 58.00 | NOTE | |
r-release-osx-x86_64 | 1.1.1 | NOTE | ||||
r-oldrel-windows-ix86+x86_64 | 1.1.1 | 4.00 | 47.00 | 51.00 | NOTE | |
r-oldrel-osx-x86_64 | 1.1.1 | NOTE |
Version: 1.1.1
Check: R code for possible problems
Result: NOTE
index.citations: no visible global function definition for
‘txtProgressBar’
read.exsic: no visible global function definition for ‘read.csv’
update.pb: no visible global function definition for
‘setTxtProgressBar’
Undefined global functions or variables:
read.csv setTxtProgressBar txtProgressBar
Consider adding
importFrom("utils", "read.csv", "setTxtProgressBar", "txtProgressBar")
to your NAMESPACE file.
Flavors: r-devel-linux-x86_64-debian-clang, r-devel-linux-x86_64-debian-gcc, r-devel-linux-x86_64-fedora-clang, r-devel-linux-x86_64-fedora-gcc, r-devel-windows-ix86+x86_64, r-patched-linux-x86_64, r-patched-solaris-x86, r-release-linux-x86_64, r-release-windows-ix86+x86_64, r-release-osx-x86_64, r-oldrel-windows-ix86+x86_64, r-oldrel-osx-x86_64