Last updated on 2018-11-24 00:51:06 CET.
Flavor | Version | Tinstall | Tcheck | Ttotal | Status | Flags |
---|---|---|---|---|---|---|
r-devel-linux-x86_64-debian-clang | 3042.82 | 7.69 | 52.27 | 59.96 | OK | |
r-devel-linux-x86_64-debian-gcc | 3042.82 | 7.36 | 42.13 | 49.49 | OK | |
r-devel-linux-x86_64-fedora-clang | 3042.82 | 70.37 | NOTE | |||
r-devel-linux-x86_64-fedora-gcc | 3042.82 | 69.26 | NOTE | |||
r-devel-windows-ix86+x86_64 | 3042.82 | 28.00 | 79.00 | 107.00 | OK | |
r-patched-linux-x86_64 | 3042.82 | 8.30 | 50.85 | 59.15 | OK | |
r-patched-solaris-x86 | 3042.82 | 100.50 | OK | |||
r-release-linux-x86_64 | 3042.82 | 8.49 | 50.63 | 59.12 | OK | |
r-release-windows-ix86+x86_64 | 3042.82 | 24.00 | 118.00 | 142.00 | OK | |
r-release-osx-x86_64 | 3042.82 | OK | ||||
r-oldrel-windows-ix86+x86_64 | 3042.82 | 19.00 | 113.00 | 132.00 | OK | |
r-oldrel-osx-x86_64 | 3042.82 | OK |
Version: 3042.82
Check: compiled code
Result: NOTE
File ‘fAsianOptions/libs/fAsianOptions.so’:
Found no calls to: ‘R_registerRoutines’, ‘R_useDynamicSymbols’
It is good practice to register native routines and to disable symbol
search.
See ‘Writing portable packages’ in the ‘Writing R Extensions’ manual.
Flavors: r-devel-linux-x86_64-fedora-clang, r-devel-linux-x86_64-fedora-gcc