Last updated on 2018-11-24 00:51:06 CET.
Flavor | Version | Tinstall | Tcheck | Ttotal | Status | Flags |
---|---|---|---|---|---|---|
r-devel-linux-x86_64-debian-clang | 2.2-14 | 38.68 | 78.81 | 117.49 | OK | |
r-devel-linux-x86_64-debian-gcc | 2.2-14 | 34.07 | 61.54 | 95.61 | OK | |
r-devel-linux-x86_64-fedora-clang | 2.2-14 | 145.06 | NOTE | |||
r-devel-linux-x86_64-fedora-gcc | 2.2-14 | 139.16 | NOTE | |||
r-devel-windows-ix86+x86_64 | 2.2-14 | 118.00 | 145.00 | 263.00 | OK | |
r-patched-linux-x86_64 | 2.2-14 | 38.50 | 78.04 | 116.54 | OK | |
r-patched-solaris-x86 | 2.2-14 | 239.70 | OK | |||
r-release-linux-x86_64 | 2.2-14 | 38.19 | 76.37 | 114.56 | OK | |
r-release-windows-ix86+x86_64 | 2.2-14 | 117.00 | 148.00 | 265.00 | OK | |
r-release-osx-x86_64 | 2.2-14 | OK | ||||
r-oldrel-windows-ix86+x86_64 | 2.2-14 | 116.00 | 156.00 | 272.00 | OK | |
r-oldrel-osx-x86_64 | 2.2-14 | OK |
Version: 2.2-14
Check: compiled code
Result: NOTE
File ‘ff/libs/ff.so’:
Found no call to: ‘R_useDynamicSymbols’
It is good practice to register native routines and to disable symbol
search.
See ‘Writing portable packages’ in the ‘Writing R Extensions’ manual.
Flavors: r-devel-linux-x86_64-fedora-clang, r-devel-linux-x86_64-fedora-gcc