CRAN Package Check Results for Package fingertipscharts

Last updated on 2018-11-24 00:51:06 CET.

Flavor Version Tinstall Tcheck Ttotal Status Flags
r-devel-linux-x86_64-debian-clang 0.0.2 6.47 141.55 148.02 OK
r-devel-linux-x86_64-debian-gcc 0.0.2 6.37 113.96 120.33 OK
r-devel-linux-x86_64-fedora-clang 0.0.2 172.75 NOTE
r-devel-linux-x86_64-fedora-gcc 0.0.2 164.13 NOTE
r-devel-windows-ix86+x86_64 0.0.2 28.00 258.00 286.00 ERROR
r-patched-linux-x86_64 0.0.2 6.41 135.06 141.47 OK
r-patched-solaris-x86 0.0.2 269.30 WARN
r-release-linux-x86_64 0.0.2 6.55 135.86 142.41 OK
r-release-windows-ix86+x86_64 0.0.2 22.00 246.00 268.00 ERROR
r-release-osx-x86_64 0.0.2 WARN
r-oldrel-windows-ix86+x86_64 0.0.2 24.00 347.00 371.00 ERROR
r-oldrel-osx-x86_64 0.0.2 WARN

Check Details

Version: 0.0.2
Check: dependencies in R code
Result: NOTE
    Namespace in Imports field not imported from: ‘mapproj’
     All declared Imports should be used.
Flavors: r-devel-linux-x86_64-fedora-clang, r-devel-linux-x86_64-fedora-gcc, r-patched-solaris-x86, r-release-osx-x86_64, r-oldrel-osx-x86_64

Version: 0.0.2
Check: tests
Result: ERROR
     Running 'testthat.R' [77s]
    Running the tests in 'tests/testthat.R' failed.
    Complete output:
     > library(testthat)
     > library(fingertipscharts)
     > test_check("fingertipscharts")
     -- 1. Failure: area profiles example draws correctly (@test-examples.R#156) ---
     Figures don't match: area-profiles-example.svg
    
    
     == testthat results ===========================================================
     OK: 46 SKIPPED: 0 FAILED: 1
     1. Failure: area profiles example draws correctly (@test-examples.R#156)
    
     Error: testthat unit tests failed
     Execution halted
Flavor: r-devel-windows-ix86+x86_64

Version: 0.0.2
Check: re-building of vignette outputs
Result: WARN
    Error in re-building vignettes:
     ...
    Warning in engine$weave(file, quiet = quiet, encoding = enc) :
     Pandoc (>= 1.12.3) and/or pandoc-citeproc not available. Falling back to R Markdown v1.
    
    Attaching package: 'dplyr'
    
    The following objects are masked from 'package:stats':
    
     filter, lag
    
    The following objects are masked from 'package:base':
    
     intersect, setdiff, setequal, union
    
    Warning: Removed 2 rows containing missing values (geom_point).
    Quitting from lines 137-146 (quick_charts.Rmd)
    Error: processing vignette 'quick_charts.Rmd' failed with diagnostics:
    there is no package called 'webshot'
    Execution halted
Flavor: r-patched-solaris-x86

Version: 0.0.2
Check: tests
Result: ERROR
     Running 'testthat.R' [74s]
    Running the tests in 'tests/testthat.R' failed.
    Complete output:
     > library(testthat)
     > library(fingertipscharts)
     > test_check("fingertipscharts")
     -- 1. Failure: area profiles example draws correctly (@test-examples.R#156) ---
     Figures don't match: area-profiles-example.svg
    
    
     == testthat results ===========================================================
     OK: 46 SKIPPED: 0 FAILED: 1
     1. Failure: area profiles example draws correctly (@test-examples.R#156)
    
     Error: testthat unit tests failed
     Execution halted
Flavor: r-release-windows-ix86+x86_64

Version: 0.0.2
Check: re-building of vignette outputs
Result: WARN
    Error in re-building vignettes:
     ...
    Warning in engine$weave(file, quiet = quiet, encoding = enc) :
     Pandoc (>= 1.12.3) and/or pandoc-citeproc not available. Falling back to R Markdown v1.
    
    Attaching package: 'dplyr'
    
    The following objects are masked from 'package:stats':
    
     filter, lag
    
    The following objects are masked from 'package:base':
    
     intersect, setdiff, setequal, union
    
    Warning: Removed 2 rows containing missing values (geom_point).
    Warning in normalizePath(f2) :
     path[1]="./webshot1672e13f906b7.png": No such file or directory
    Warning in file(con, "rb") :
     cannot open file './webshot1672e13f906b7.png': No such file or directory
    Quitting from lines 137-146 (quick_charts.Rmd)
    Error: processing vignette 'quick_charts.Rmd' failed with diagnostics:
    cannot open the connection
    Execution halted
Flavor: r-release-osx-x86_64

Version: 0.0.2
Check: tests
Result: ERROR
     Running 'testthat.R' [102s]
    Running the tests in 'tests/testthat.R' failed.
    Complete output:
     > library(testthat)
     > library(fingertipscharts)
     > test_check("fingertipscharts")
     -- 1. Failure: area profiles example draws correctly (@test-examples.R#156) ---
     Figures don't match: area-profiles-example.svg
    
    
     == testthat results ===========================================================
     OK: 46 SKIPPED: 0 FAILED: 1
     1. Failure: area profiles example draws correctly (@test-examples.R#156)
    
     Error: testthat unit tests failed
     Execution halted
Flavor: r-oldrel-windows-ix86+x86_64

Version: 0.0.2
Check: re-building of vignette outputs
Result: WARN
    Error in re-building vignettes:
     ...
    Warning in engine$weave(file, quiet = quiet, encoding = enc) :
     Pandoc (>= 1.12.3) and/or pandoc-citeproc not available. Falling back to R Markdown v1.
    
    Attaching package: 'dplyr'
    
    The following objects are masked from 'package:stats':
    
     filter, lag
    
    The following objects are masked from 'package:base':
    
     intersect, setdiff, setequal, union
    
    Warning: Removed 2 rows containing missing values (geom_point).
    Warning in normalizePath(f2) :
     path[1]="./webshotfa5369bcaa1c.png": No such file or directory
    Warning in file(con, "rb") :
     cannot open file './webshotfa5369bcaa1c.png': No such file or directory
    Quitting from lines 137-146 (quick_charts.Rmd)
    Error: processing vignette 'quick_charts.Rmd' failed with diagnostics:
    cannot open the connection
    Execution halted
Flavor: r-oldrel-osx-x86_64