CRAN Package Check Results for Package fitPoly

Last updated on 2018-11-24 00:51:06 CET.

Flavor Version Tinstall Tcheck Ttotal Status Flags
r-devel-linux-x86_64-debian-clang 3.0.0 5.84 32.16 38.00 OK
r-devel-linux-x86_64-debian-gcc 3.0.0 4.73 25.92 30.65 OK
r-devel-linux-x86_64-fedora-clang 3.0.0 43.47 OK
r-devel-linux-x86_64-fedora-gcc 3.0.0 42.47 OK
r-devel-windows-ix86+x86_64 3.0.0 9.00 59.00 68.00 OK
r-patched-linux-x86_64 3.0.0 5.15 30.54 35.69 OK
r-patched-solaris-x86 3.0.0 58.80 OK
r-release-linux-x86_64 3.0.0 5.33 30.80 36.13 OK
r-release-windows-ix86+x86_64 3.0.0 9.00 39.00 48.00 OK
r-release-osx-x86_64 3.0.0 NOTE
r-oldrel-windows-ix86+x86_64 3.0.0 4.00 52.00 56.00 OK
r-oldrel-osx-x86_64 3.0.0 OK

Check Details

Version: 3.0.0
Check: package dependencies
Result: NOTE
    Package suggested but not available for checking: ‘devEMF’
Flavor: r-release-osx-x86_64