CRAN Package Check Results for Package float

Last updated on 2018-11-24 00:51:06 CET.

Flavor Version Tinstall Tcheck Ttotal Status Flags
r-devel-linux-x86_64-debian-clang 0.2-0 95.25 64.21 159.46 NOTE
r-devel-linux-x86_64-debian-gcc 0.2-0 79.69 52.01 131.70 NOTE
r-devel-linux-x86_64-fedora-clang 0.2-0 196.04 NOTE
r-devel-linux-x86_64-fedora-gcc 0.2-0 197.12 NOTE
r-devel-windows-ix86+x86_64 0.2-0 249.00 141.00 390.00 NOTE
r-patched-linux-x86_64 0.2-0 92.29 61.83 154.12 OK
r-patched-solaris-x86 0.2-0 295.00 OK
r-release-linux-x86_64 0.2-0 90.92 61.97 152.89 OK
r-release-windows-ix86+x86_64 0.2-0 193.00 167.00 360.00 NOTE
r-release-osx-x86_64 0.2-0 WARN
r-oldrel-windows-ix86+x86_64 0.2-0 157.00 176.00 333.00 NOTE
r-oldrel-osx-x86_64 0.2-0 WARN

Additional issues

rchk

Check Details

Version: 0.2-0
Check: use of SHLIB_OPENMP_*FLAGS in Makefiles
Result: NOTE
     src/Makevars.win: SHLIB_OPENMP_FCFLAGS is included in PKG_FCFLAGS but not in PKG_LIBS
    Use of these macros is discussed in sect 1.2.1.1 of ‘Writing R
    Extensions’. The macros for different languages may differ so the
    matching macro must be used in PKG_CXXFLAGS (etc) and match that used
    in PKG_LIBS (except for F77: see the manual).
Flavors: r-devel-linux-x86_64-debian-clang, r-devel-linux-x86_64-debian-gcc

Version: 0.2-0
Check: installed package size
Result: NOTE
     installed size is 5.4Mb
     sub-directories of 1Mb or more:
     libs 4.5Mb
Flavors: r-devel-linux-x86_64-fedora-clang, r-devel-windows-ix86+x86_64, r-release-windows-ix86+x86_64, r-release-osx-x86_64, r-oldrel-windows-ix86+x86_64, r-oldrel-osx-x86_64

Version: 0.2-0
Check: use of SHLIB_OPENMP_*FLAGS in Makefiles
Result: NOTE
     src/Makevars: it is not portable to include multiple SHLIB_OPENMP_*' macros in PKG_LIBS
     src/Makevars.win: SHLIB_OPENMP_FCFLAGS is included in PKG_FCFLAGS but not in PKG_LIBS
    Use of these macros is discussed in sect 1.2.1.1 of ‘Writing R
    Extensions’. The macros for different languages may differ so the
    matching macro must be used in PKG_CXXFLAGS (etc) and match that used
    in PKG_LIBS (except for F77: see the manual).
Flavors: r-devel-linux-x86_64-fedora-clang, r-devel-linux-x86_64-fedora-gcc

Version: 0.2-0
Check: dependencies in R code
Result: NOTE
    error: /Applications/Xcode.app/Contents/Developer/Toolchains/XcodeDefault.xctoolchain/usr/bin/install_name_tool: more than one input file specified (/Volumes/SSD-Data/Builds/R-dev-web/QA/Simon/packages/el-capitan-x86_64/results/3.5/float.Rcheck/float/libs/float.so.dSYM and /Volumes/SSD-Data/Builds/R-dev-web/QA/Simon/packages/el-capitan-x86_64/results/3.5/float.Rcheck/float/libs/float.so)
    Usage: /Applications/Xcode.app/Contents/Developer/Toolchains/XcodeDefault.xctoolchain/usr/bin/install_name_tool [-change old new] ... [-rpath old new] ... [-add_rpath new] ... [-delete_rpath old] ... [-id name] input
Flavor: r-release-osx-x86_64

Version: 0.2-0
Check: S3 generic/method consistency
Result: WARN
    error: /Applications/Xcode.app/Contents/Developer/Toolchains/XcodeDefault.xctoolchain/usr/bin/install_name_tool: more than one input file specified (/Volumes/SSD-Data/Builds/R-dev-web/QA/Simon/packages/el-capitan-x86_64/results/3.5/float.Rcheck/float/libs/float.so.dSYM and /Volumes/SSD-Data/Builds/R-dev-web/QA/Simon/packages/el-capitan-x86_64/results/3.5/float.Rcheck/float/libs/float.so)
    Usage: /Applications/Xcode.app/Contents/Developer/Toolchains/XcodeDefault.xctoolchain/usr/bin/install_name_tool [-change old new] ... [-rpath old new] ... [-add_rpath new] ... [-delete_rpath old] ... [-id name] input
    See section ‘Generic functions and methods’ in the ‘Writing R
    Extensions’ manual.
Flavor: r-release-osx-x86_64

Version: 0.2-0
Check: replacement functions
Result: WARN
    error: /Applications/Xcode.app/Contents/Developer/Toolchains/XcodeDefault.xctoolchain/usr/bin/install_name_tool: more than one input file specified (/Volumes/SSD-Data/Builds/R-dev-web/QA/Simon/packages/el-capitan-x86_64/results/3.5/float.Rcheck/float/libs/float.so.dSYM and /Volumes/SSD-Data/Builds/R-dev-web/QA/Simon/packages/el-capitan-x86_64/results/3.5/float.Rcheck/float/libs/float.so)
    Usage: /Applications/Xcode.app/Contents/Developer/Toolchains/XcodeDefault.xctoolchain/usr/bin/install_name_tool [-change old new] ... [-rpath old new] ... [-add_rpath new] ... [-delete_rpath old] ... [-id name] input
    The argument of a replacement function which corresponds to the right
    hand side must be named ‘value’.
Flavor: r-release-osx-x86_64

Version: 0.2-0
Check: foreign function calls
Result: NOTE
    error: /Applications/Xcode.app/Contents/Developer/Toolchains/XcodeDefault.xctoolchain/usr/bin/install_name_tool: more than one input file specified (/Volumes/SSD-Data/Builds/R-dev-web/QA/Simon/packages/el-capitan-x86_64/results/3.5/float.Rcheck/float/libs/float.so.dSYM and /Volumes/SSD-Data/Builds/R-dev-web/QA/Simon/packages/el-capitan-x86_64/results/3.5/float.Rcheck/float/libs/float.so)
    Usage: /Applications/Xcode.app/Contents/Developer/Toolchains/XcodeDefault.xctoolchain/usr/bin/install_name_tool [-change old new] ... [-rpath old new] ... [-add_rpath new] ... [-delete_rpath old] ... [-id name] input
    See chapter ‘System and foreign language interfaces’ in the ‘Writing R
    Extensions’ manual.
Flavor: r-release-osx-x86_64

Version: 0.2-0
Check: R code for possible problems
Result: NOTE
    error: /Applications/Xcode.app/Contents/Developer/Toolchains/XcodeDefault.xctoolchain/usr/bin/install_name_tool: more than one input file specified (/Volumes/SSD-Data/Builds/R-dev-web/QA/Simon/packages/el-capitan-x86_64/results/3.5/float.Rcheck/float/libs/float.so.dSYM and /Volumes/SSD-Data/Builds/R-dev-web/QA/Simon/packages/el-capitan-x86_64/results/3.5/float.Rcheck/float/libs/float.so)
    Usage: /Applications/Xcode.app/Contents/Developer/Toolchains/XcodeDefault.xctoolchain/usr/bin/install_name_tool [-change old new] ... [-rpath old new] ... [-add_rpath new] ... [-delete_rpath old] ... [-id name] input
Flavor: r-release-osx-x86_64

Version: 0.2-0
Check: for missing documentation entries
Result: WARN
    error: /Applications/Xcode.app/Contents/Developer/Toolchains/XcodeDefault.xctoolchain/usr/bin/install_name_tool: more than one input file specified (/Volumes/SSD-Data/Builds/R-dev-web/QA/Simon/packages/el-capitan-x86_64/results/3.5/float.Rcheck/float/libs/float.so.dSYM and /Volumes/SSD-Data/Builds/R-dev-web/QA/Simon/packages/el-capitan-x86_64/results/3.5/float.Rcheck/float/libs/float.so)
    Usage: /Applications/Xcode.app/Contents/Developer/Toolchains/XcodeDefault.xctoolchain/usr/bin/install_name_tool [-change old new] ... [-rpath old new] ... [-add_rpath new] ... [-delete_rpath old] ... [-id name] input
    All user-level objects in a package should have documentation entries.
    See chapter ‘Writing R documentation files’ in the ‘Writing R
    Extensions’ manual.
Flavor: r-release-osx-x86_64

Version: 0.2-0
Check: for code/documentation mismatches
Result: WARN
    error: /Applications/Xcode.app/Contents/Developer/Toolchains/XcodeDefault.xctoolchain/usr/bin/install_name_tool: more than one input file specified (/Volumes/SSD-Data/Builds/R-dev-web/QA/Simon/packages/el-capitan-x86_64/results/3.5/float.Rcheck/float/libs/float.so.dSYM and /Volumes/SSD-Data/Builds/R-dev-web/QA/Simon/packages/el-capitan-x86_64/results/3.5/float.Rcheck/float/libs/float.so)
    Usage: /Applications/Xcode.app/Contents/Developer/Toolchains/XcodeDefault.xctoolchain/usr/bin/install_name_tool [-change old new] ... [-rpath old new] ... [-add_rpath new] ... [-delete_rpath old] ... [-id name] input
    error: /Applications/Xcode.app/Contents/Developer/Toolchains/XcodeDefault.xctoolchain/usr/bin/install_name_tool: more than one input file specified (/Volumes/SSD-Data/Builds/R-dev-web/QA/Simon/packages/el-capitan-x86_64/results/3.5/float.Rcheck/float/libs/float.so.dSYM and /Volumes/SSD-Data/Builds/R-dev-web/QA/Simon/packages/el-capitan-x86_64/results/3.5/float.Rcheck/float/libs/float.so)
    Usage: /Applications/Xcode.app/Contents/Developer/Toolchains/XcodeDefault.xctoolchain/usr/bin/install_name_tool [-change old new] ... [-rpath old new] ... [-add_rpath new] ... [-delete_rpath old] ... [-id name] input
    error: /Applications/Xcode.app/Contents/Developer/Toolchains/XcodeDefault.xctoolchain/usr/bin/install_name_tool: more than one input file specified (/Volumes/SSD-Data/Builds/R-dev-web/QA/Simon/packages/el-capitan-x86_64/results/3.5/float.Rcheck/float/libs/float.so.dSYM and /Volumes/SSD-Data/Builds/R-dev-web/QA/Simon/packages/el-capitan-x86_64/results/3.5/float.Rcheck/float/libs/float.so)
    Usage: /Applications/Xcode.app/Contents/Developer/Toolchains/XcodeDefault.xctoolchain/usr/bin/install_name_tool [-change old new] ... [-rpath old new] ... [-add_rpath new] ... [-delete_rpath old] ... [-id name] input
Flavor: r-release-osx-x86_64

Version: 0.2-0
Check: Rd \usage sections
Result: NOTE
    error: /Applications/Xcode.app/Contents/Developer/Toolchains/XcodeDefault.xctoolchain/usr/bin/install_name_tool: more than one input file specified (/Volumes/SSD-Data/Builds/R-dev-web/QA/Simon/packages/el-capitan-x86_64/results/3.5/float.Rcheck/float/libs/float.so.dSYM and /Volumes/SSD-Data/Builds/R-dev-web/QA/Simon/packages/el-capitan-x86_64/results/3.5/float.Rcheck/float/libs/float.so)
    Usage: /Applications/Xcode.app/Contents/Developer/Toolchains/XcodeDefault.xctoolchain/usr/bin/install_name_tool [-change old new] ... [-rpath old new] ... [-add_rpath new] ... [-delete_rpath old] ... [-id name] input
    The \usage entries for S3 methods should use the \method markup and not
    their full name.
    See chapter ‘Writing R documentation files’ in the ‘Writing R
    Extensions’ manual.
Flavor: r-release-osx-x86_64

Version: 0.2-0
Check: dependencies in R code
Result: NOTE
    error: /Applications/Xcode.app/Contents/Developer/Toolchains/XcodeDefault.xctoolchain/usr/bin/install_name_tool: more than one input file specified (/Volumes/SSD-Data/Builds/R-dev-web/QA/Simon/packages/el-capitan-x86_64/results/3.4/float.Rcheck/float/libs/float.so.dSYM and /Volumes/SSD-Data/Builds/R-dev-web/QA/Simon/packages/el-capitan-x86_64/results/3.4/float.Rcheck/float/libs/float.so)
    Usage: /Applications/Xcode.app/Contents/Developer/Toolchains/XcodeDefault.xctoolchain/usr/bin/install_name_tool [-change old new] ... [-rpath old new] ... [-add_rpath new] ... [-delete_rpath old] ... [-id name] input
Flavor: r-oldrel-osx-x86_64

Version: 0.2-0
Check: S3 generic/method consistency
Result: WARN
    error: /Applications/Xcode.app/Contents/Developer/Toolchains/XcodeDefault.xctoolchain/usr/bin/install_name_tool: more than one input file specified (/Volumes/SSD-Data/Builds/R-dev-web/QA/Simon/packages/el-capitan-x86_64/results/3.4/float.Rcheck/float/libs/float.so.dSYM and /Volumes/SSD-Data/Builds/R-dev-web/QA/Simon/packages/el-capitan-x86_64/results/3.4/float.Rcheck/float/libs/float.so)
    Usage: /Applications/Xcode.app/Contents/Developer/Toolchains/XcodeDefault.xctoolchain/usr/bin/install_name_tool [-change old new] ... [-rpath old new] ... [-add_rpath new] ... [-delete_rpath old] ... [-id name] input
    See section ‘Generic functions and methods’ in the ‘Writing R
    Extensions’ manual.
Flavor: r-oldrel-osx-x86_64

Version: 0.2-0
Check: replacement functions
Result: WARN
    error: /Applications/Xcode.app/Contents/Developer/Toolchains/XcodeDefault.xctoolchain/usr/bin/install_name_tool: more than one input file specified (/Volumes/SSD-Data/Builds/R-dev-web/QA/Simon/packages/el-capitan-x86_64/results/3.4/float.Rcheck/float/libs/float.so.dSYM and /Volumes/SSD-Data/Builds/R-dev-web/QA/Simon/packages/el-capitan-x86_64/results/3.4/float.Rcheck/float/libs/float.so)
    Usage: /Applications/Xcode.app/Contents/Developer/Toolchains/XcodeDefault.xctoolchain/usr/bin/install_name_tool [-change old new] ... [-rpath old new] ... [-add_rpath new] ... [-delete_rpath old] ... [-id name] input
    The argument of a replacement function which corresponds to the right
    hand side must be named ‘value’.
Flavor: r-oldrel-osx-x86_64

Version: 0.2-0
Check: foreign function calls
Result: NOTE
    error: /Applications/Xcode.app/Contents/Developer/Toolchains/XcodeDefault.xctoolchain/usr/bin/install_name_tool: more than one input file specified (/Volumes/SSD-Data/Builds/R-dev-web/QA/Simon/packages/el-capitan-x86_64/results/3.4/float.Rcheck/float/libs/float.so.dSYM and /Volumes/SSD-Data/Builds/R-dev-web/QA/Simon/packages/el-capitan-x86_64/results/3.4/float.Rcheck/float/libs/float.so)
    Usage: /Applications/Xcode.app/Contents/Developer/Toolchains/XcodeDefault.xctoolchain/usr/bin/install_name_tool [-change old new] ... [-rpath old new] ... [-add_rpath new] ... [-delete_rpath old] ... [-id name] input
    See chapter ‘System and foreign language interfaces’ in the ‘Writing R
    Extensions’ manual.
Flavor: r-oldrel-osx-x86_64

Version: 0.2-0
Check: R code for possible problems
Result: NOTE
    error: /Applications/Xcode.app/Contents/Developer/Toolchains/XcodeDefault.xctoolchain/usr/bin/install_name_tool: more than one input file specified (/Volumes/SSD-Data/Builds/R-dev-web/QA/Simon/packages/el-capitan-x86_64/results/3.4/float.Rcheck/float/libs/float.so.dSYM and /Volumes/SSD-Data/Builds/R-dev-web/QA/Simon/packages/el-capitan-x86_64/results/3.4/float.Rcheck/float/libs/float.so)
    Usage: /Applications/Xcode.app/Contents/Developer/Toolchains/XcodeDefault.xctoolchain/usr/bin/install_name_tool [-change old new] ... [-rpath old new] ... [-add_rpath new] ... [-delete_rpath old] ... [-id name] input
Flavor: r-oldrel-osx-x86_64

Version: 0.2-0
Check: for missing documentation entries
Result: WARN
    error: /Applications/Xcode.app/Contents/Developer/Toolchains/XcodeDefault.xctoolchain/usr/bin/install_name_tool: more than one input file specified (/Volumes/SSD-Data/Builds/R-dev-web/QA/Simon/packages/el-capitan-x86_64/results/3.4/float.Rcheck/float/libs/float.so.dSYM and /Volumes/SSD-Data/Builds/R-dev-web/QA/Simon/packages/el-capitan-x86_64/results/3.4/float.Rcheck/float/libs/float.so)
    Usage: /Applications/Xcode.app/Contents/Developer/Toolchains/XcodeDefault.xctoolchain/usr/bin/install_name_tool [-change old new] ... [-rpath old new] ... [-add_rpath new] ... [-delete_rpath old] ... [-id name] input
    All user-level objects in a package should have documentation entries.
    See chapter ‘Writing R documentation files’ in the ‘Writing R
    Extensions’ manual.
Flavor: r-oldrel-osx-x86_64

Version: 0.2-0
Check: for code/documentation mismatches
Result: WARN
    error: /Applications/Xcode.app/Contents/Developer/Toolchains/XcodeDefault.xctoolchain/usr/bin/install_name_tool: more than one input file specified (/Volumes/SSD-Data/Builds/R-dev-web/QA/Simon/packages/el-capitan-x86_64/results/3.4/float.Rcheck/float/libs/float.so.dSYM and /Volumes/SSD-Data/Builds/R-dev-web/QA/Simon/packages/el-capitan-x86_64/results/3.4/float.Rcheck/float/libs/float.so)
    Usage: /Applications/Xcode.app/Contents/Developer/Toolchains/XcodeDefault.xctoolchain/usr/bin/install_name_tool [-change old new] ... [-rpath old new] ... [-add_rpath new] ... [-delete_rpath old] ... [-id name] input
    error: /Applications/Xcode.app/Contents/Developer/Toolchains/XcodeDefault.xctoolchain/usr/bin/install_name_tool: more than one input file specified (/Volumes/SSD-Data/Builds/R-dev-web/QA/Simon/packages/el-capitan-x86_64/results/3.4/float.Rcheck/float/libs/float.so.dSYM and /Volumes/SSD-Data/Builds/R-dev-web/QA/Simon/packages/el-capitan-x86_64/results/3.4/float.Rcheck/float/libs/float.so)
    Usage: /Applications/Xcode.app/Contents/Developer/Toolchains/XcodeDefault.xctoolchain/usr/bin/install_name_tool [-change old new] ... [-rpath old new] ... [-add_rpath new] ... [-delete_rpath old] ... [-id name] input
    error: /Applications/Xcode.app/Contents/Developer/Toolchains/XcodeDefault.xctoolchain/usr/bin/install_name_tool: more than one input file specified (/Volumes/SSD-Data/Builds/R-dev-web/QA/Simon/packages/el-capitan-x86_64/results/3.4/float.Rcheck/float/libs/float.so.dSYM and /Volumes/SSD-Data/Builds/R-dev-web/QA/Simon/packages/el-capitan-x86_64/results/3.4/float.Rcheck/float/libs/float.so)
    Usage: /Applications/Xcode.app/Contents/Developer/Toolchains/XcodeDefault.xctoolchain/usr/bin/install_name_tool [-change old new] ... [-rpath old new] ... [-add_rpath new] ... [-delete_rpath old] ... [-id name] input
Flavor: r-oldrel-osx-x86_64

Version: 0.2-0
Check: Rd \usage sections
Result: NOTE
    error: /Applications/Xcode.app/Contents/Developer/Toolchains/XcodeDefault.xctoolchain/usr/bin/install_name_tool: more than one input file specified (/Volumes/SSD-Data/Builds/R-dev-web/QA/Simon/packages/el-capitan-x86_64/results/3.4/float.Rcheck/float/libs/float.so.dSYM and /Volumes/SSD-Data/Builds/R-dev-web/QA/Simon/packages/el-capitan-x86_64/results/3.4/float.Rcheck/float/libs/float.so)
    Usage: /Applications/Xcode.app/Contents/Developer/Toolchains/XcodeDefault.xctoolchain/usr/bin/install_name_tool [-change old new] ... [-rpath old new] ... [-add_rpath new] ... [-delete_rpath old] ... [-id name] input
    The \usage entries for S3 methods should use the \method markup and not
    their full name.
    See chapter ‘Writing R documentation files’ in the ‘Writing R
    Extensions’ manual.
Flavor: r-oldrel-osx-x86_64