CRAN Package Check Results for Package foreach

Last updated on 2018-11-24 00:51:06 CET.

Flavor Version Tinstall Tcheck Ttotal Status Flags
r-devel-linux-x86_64-debian-clang 1.4.4 1.62 29.26 30.88 OK
r-devel-linux-x86_64-debian-gcc 1.4.4 1.02 23.81 24.83 OK
r-devel-linux-x86_64-fedora-clang 1.4.4 37.42 OK
r-devel-linux-x86_64-fedora-gcc 1.4.4 36.18 OK
r-devel-windows-ix86+x86_64 1.4.4 6.00 130.00 136.00 NOTE
r-patched-linux-x86_64 1.4.4 1.69 27.87 29.56 OK
r-patched-solaris-x86 1.4.4 53.30 OK
r-release-linux-x86_64 1.4.4 1.50 27.99 29.49 OK
r-release-windows-ix86+x86_64 1.4.4 8.00 129.00 137.00 NOTE
r-release-osx-x86_64 1.4.4 OK
r-oldrel-windows-ix86+x86_64 1.4.4 5.00 137.00 142.00 NOTE
r-oldrel-osx-x86_64 1.4.4 OK

Check Details

Version: 1.4.4
Check: package dependencies
Result: NOTE
    Package which this enhances but not available for checking: 'doMC'
Flavors: r-devel-windows-ix86+x86_64, r-release-windows-ix86+x86_64, r-oldrel-windows-ix86+x86_64