CRAN Package Check Results for Package fractional

Last updated on 2018-11-24 00:51:07 CET.

Flavor Version Tinstall Tcheck Ttotal Status Flags
r-devel-linux-x86_64-debian-clang 0.1.3 13.64 29.08 42.72 OK
r-devel-linux-x86_64-debian-gcc 0.1.3 11.62 23.46 35.08 OK
r-devel-linux-x86_64-fedora-clang 0.1.3 55.87 NOTE
r-devel-linux-x86_64-fedora-gcc 0.1.3 52.18 NOTE
r-devel-windows-ix86+x86_64 0.1.3 43.00 76.00 119.00 OK
r-patched-linux-x86_64 0.1.3 14.18 27.13 41.31 OK
r-patched-solaris-x86 0.1.3 66.80 OK
r-release-linux-x86_64 0.1.3 14.75 27.54 42.29 OK
r-release-windows-ix86+x86_64 0.1.3 36.00 59.00 95.00 OK
r-release-osx-x86_64 0.1.3 OK
r-oldrel-windows-ix86+x86_64 0.1.3 40.00 83.00 123.00 OK
r-oldrel-osx-x86_64 0.1.3 OK

Check Details

Version: 0.1.3
Check: compiled code
Result: NOTE
    File ‘fractional/libs/fractional.so’:
     Found no calls to: ‘R_registerRoutines’, ‘R_useDynamicSymbols’
    
    It is good practice to register native routines and to disable symbol
    search.
    
    See ‘Writing portable packages’ in the ‘Writing R Extensions’ manual.
Flavors: r-devel-linux-x86_64-fedora-clang, r-devel-linux-x86_64-fedora-gcc