CRAN Package Check Results for Package fredr

Last updated on 2018-11-24 00:51:07 CET.

Flavor Version Tinstall Tcheck Ttotal Status Flags
r-devel-linux-x86_64-debian-clang 1.0.0 2.16 30.75 32.91 OK
r-devel-linux-x86_64-debian-gcc 1.0.0 1.78 24.86 26.64 OK
r-devel-linux-x86_64-fedora-clang 1.0.0 38.02 NOTE
r-devel-linux-x86_64-fedora-gcc 1.0.0 37.09 NOTE
r-devel-windows-ix86+x86_64 1.0.0 6.00 66.00 72.00 OK
r-patched-linux-x86_64 1.0.0 2.03 29.32 31.35 OK
r-patched-solaris-x86 1.0.0 48.40 NOTE
r-release-linux-x86_64 1.0.0 2.02 29.47 31.49 OK
r-release-windows-ix86+x86_64 1.0.0 7.00 49.00 56.00 OK
r-release-osx-x86_64 1.0.0 NOTE
r-oldrel-windows-ix86+x86_64 1.0.0 7.00 73.00 80.00 OK
r-oldrel-osx-x86_64 1.0.0 NOTE

Check Details

Version: 1.0.0
Check: data for non-ASCII characters
Result: NOTE
     Note: found 1 marked UTF-8 string
Flavors: r-devel-linux-x86_64-fedora-clang, r-devel-linux-x86_64-fedora-gcc, r-patched-solaris-x86, r-release-osx-x86_64, r-oldrel-osx-x86_64