Last updated on 2018-11-24 00:51:07 CET.
Flavor | Version | Tinstall | Tcheck | Ttotal | Status | Flags |
---|---|---|---|---|---|---|
r-devel-linux-x86_64-debian-clang | 0.6 | 0.67 | 16.73 | 17.40 | NOTE | |
r-devel-linux-x86_64-debian-gcc | 0.6 | 0.63 | 13.50 | 14.13 | NOTE | |
r-devel-linux-x86_64-fedora-clang | 0.6 | 20.64 | NOTE | |||
r-devel-linux-x86_64-fedora-gcc | 0.6 | 19.73 | NOTE | |||
r-devel-windows-ix86+x86_64 | 0.6 | 3.00 | 25.00 | 28.00 | NOTE | |
r-patched-linux-x86_64 | 0.6 | 0.77 | 15.49 | 16.26 | NOTE | |
r-patched-solaris-x86 | 0.6 | 33.50 | NOTE | |||
r-release-linux-x86_64 | 0.6 | 0.73 | 15.62 | 16.35 | NOTE | |
r-release-windows-ix86+x86_64 | 0.6 | 4.00 | 26.00 | 30.00 | NOTE | |
r-release-osx-x86_64 | 0.6 | NOTE | ||||
r-oldrel-windows-ix86+x86_64 | 0.6 | 2.00 | 34.00 | 36.00 | NOTE | |
r-oldrel-osx-x86_64 | 0.6 | NOTE |
Version: 0.6
Check: DESCRIPTION meta-information
Result: NOTE
Malformed Description field: should contain one or more complete sentences.
Flavors: r-devel-linux-x86_64-debian-clang, r-devel-linux-x86_64-debian-gcc, r-devel-linux-x86_64-fedora-clang, r-devel-linux-x86_64-fedora-gcc, r-devel-windows-ix86+x86_64, r-patched-linux-x86_64, r-patched-solaris-x86, r-release-linux-x86_64, r-release-windows-ix86+x86_64, r-release-osx-x86_64, r-oldrel-windows-ix86+x86_64, r-oldrel-osx-x86_64