CRAN Package Check Results for Package gWidgetsRGtk2

Last updated on 2018-11-24 00:51:09 CET.

Flavor Version Tinstall Tcheck Ttotal Status Flags
r-devel-linux-x86_64-debian-clang 0.0-86 35.33 80.33 115.66 OK
r-devel-linux-x86_64-debian-gcc 0.0-86 30.35 66.72 97.07 OK
r-devel-linux-x86_64-fedora-clang 0.0-86 140.75 OK
r-devel-linux-x86_64-fedora-gcc 0.0-86 138.47 OK
r-devel-windows-ix86+x86_64 0.0-86 58.00 124.00 182.00 OK
r-patched-linux-x86_64 0.0-86 30.51 76.88 107.39 OK
r-patched-solaris-x86 0.0-86 203.10 OK
r-release-linux-x86_64 0.0-86 33.46 77.75 111.21 OK
r-release-windows-ix86+x86_64 0.0-86 61.00 106.00 167.00 OK
r-release-osx-x86_64 0.0-86 ERROR
r-oldrel-windows-ix86+x86_64 0.0-86 21.00 112.00 133.00 OK
r-oldrel-osx-x86_64 0.0-86 ERROR

Check Details

Version: 0.0-86
Check: package dependencies
Result: ERROR
    Packages required but not available: ‘RGtk2’ ‘cairoDevice’
    
    Package which this enhances but not available for checking: ‘RGtk2Extras’
    
    See section ‘The DESCRIPTION file’ in the ‘Writing R Extensions’
    manual.
Flavors: r-release-osx-x86_64, r-oldrel-osx-x86_64