Last updated on 2018-11-24 00:51:07 CET.
Flavor | Version | Tinstall | Tcheck | Ttotal | Status | Flags |
---|---|---|---|---|---|---|
r-devel-linux-x86_64-debian-clang | 1.3.11 | 18.16 | 140.46 | 158.62 | OK | |
r-devel-linux-x86_64-debian-gcc | 1.3.11 | 14.07 | 109.34 | 123.41 | WARN | |
r-devel-linux-x86_64-fedora-clang | 1.3.11 | 183.62 | OK | |||
r-devel-linux-x86_64-fedora-gcc | 1.3.11 | 177.98 | WARN | |||
r-devel-windows-ix86+x86_64 | 1.3.11 | 63.00 | 258.00 | 321.00 | NOTE | |
r-patched-linux-x86_64 | 1.3.11 | 18.13 | 136.12 | 154.25 | WARN | |
r-patched-solaris-x86 | 1.3.11 | 268.50 | OK | |||
r-release-linux-x86_64 | 1.3.11 | 15.35 | 135.16 | 150.51 | WARN | |
r-release-windows-ix86+x86_64 | 1.3.11 | 67.00 | 187.00 | 254.00 | NOTE | |
r-release-osx-x86_64 | 1.3.11 | OK | ||||
r-oldrel-windows-ix86+x86_64 | 1.3.11 | 67.00 | 288.00 | 355.00 | NOTE | |
r-oldrel-osx-x86_64 | 1.3.11 | OK |
Version: 1.3.11
Check: whether package can be installed
Result: WARN
Found the following significant warnings:
Gdmlib.cpp:2352:19: warning: ‘%lf’ directive writing between 3 and 317 bytes into a region of size between 0 and 1023 [-Wformat-overflow=]
Flavors: r-devel-linux-x86_64-debian-gcc, r-devel-linux-x86_64-fedora-gcc, r-patched-linux-x86_64, r-release-linux-x86_64
Version: 1.3.11
Check: installed package size
Result: NOTE
installed size is 5.9Mb
sub-directories of 1Mb or more:
doc 1.1Mb
extdata 3.0Mb
libs 1.4Mb
Flavors: r-devel-windows-ix86+x86_64, r-release-windows-ix86+x86_64, r-oldrel-windows-ix86+x86_64