Last updated on 2018-11-24 00:51:07 CET.
Flavor | Version | Tinstall | Tcheck | Ttotal | Status | Flags |
---|---|---|---|---|---|---|
r-devel-linux-x86_64-debian-clang | 1.5-7 | 6.74 | 50.47 | 57.21 | OK | |
r-devel-linux-x86_64-debian-gcc | 1.5-7 | 5.09 | 40.88 | 45.97 | OK | |
r-devel-linux-x86_64-fedora-clang | 1.5-7 | 67.13 | OK | |||
r-devel-linux-x86_64-fedora-gcc | 1.5-7 | 66.08 | OK | |||
r-devel-windows-ix86+x86_64 | 1.5-7 | 19.00 | 108.00 | 127.00 | OK | |
r-patched-linux-x86_64 | 1.5-7 | 6.44 | 49.00 | 55.44 | OK | |
r-patched-solaris-x86 | 1.5-7 | 94.10 | OK | |||
r-release-linux-x86_64 | 1.5-7 | 6.79 | 48.77 | 55.56 | OK | |
r-release-windows-ix86+x86_64 | 1.5-7 | 23.00 | 108.00 | 131.00 | OK | |
r-release-osx-x86_64 | 1.5-7 | NOTE | ||||
r-oldrel-windows-ix86+x86_64 | 1.5-7 | 20.00 | 110.00 | 130.00 | OK | |
r-oldrel-osx-x86_64 | 1.5-7 | OK |
Version: 1.5-7
Check: dependencies in R code
Result: NOTE
Error in setClass("Extent", representation(xmin = "numeric", xmax = "numeric", :
could not find function "setClass"
Flavor: r-release-osx-x86_64