CRAN Package Check Results for Package ggalt

Last updated on 2018-11-24 00:51:08 CET.

Flavor Version Tinstall Tcheck Ttotal Status Flags
r-devel-linux-x86_64-debian-clang 0.4.0 4.17 92.14 96.31 OK
r-devel-linux-x86_64-debian-gcc 0.4.0 4.11 71.68 75.79 OK
r-devel-linux-x86_64-fedora-clang 0.4.0 115.06 NOTE
r-devel-linux-x86_64-fedora-gcc 0.4.0 108.44 NOTE
r-devel-windows-ix86+x86_64 0.4.0 11.00 103.00 114.00 OK
r-patched-linux-x86_64 0.4.0 4.92 87.18 92.10 OK
r-patched-solaris-x86 0.4.0 158.10 NOTE
r-release-linux-x86_64 0.4.0 5.05 86.84 91.89 OK
r-release-windows-ix86+x86_64 0.4.0 16.00 107.00 123.00 OK
r-release-osx-x86_64 0.4.0 NOTE
r-oldrel-windows-ix86+x86_64 0.4.0 15.00 156.00 171.00 OK
r-oldrel-osx-x86_64 0.4.0 NOTE

Check Details

Version: 0.4.0
Check: dependencies in R code
Result: NOTE
    Namespace in Imports field not imported from: ‘plotly’
     All declared Imports should be used.
Flavors: r-devel-linux-x86_64-fedora-clang, r-devel-linux-x86_64-fedora-gcc, r-patched-solaris-x86, r-release-osx-x86_64, r-oldrel-osx-x86_64