Last updated on 2018-11-24 00:51:08 CET.
Flavor | Version | Tinstall | Tcheck | Ttotal | Status | Flags |
---|---|---|---|---|---|---|
r-devel-linux-x86_64-debian-clang | 1.0.2 | 53.77 | 151.02 | 204.79 | OK | |
r-devel-linux-x86_64-debian-gcc | 1.0.2 | 47.74 | 116.21 | 163.95 | OK | |
r-devel-linux-x86_64-fedora-clang | 1.0.2 | 256.21 | NOTE | |||
r-devel-linux-x86_64-fedora-gcc | 1.0.2 | 241.27 | OK | |||
r-devel-windows-ix86+x86_64 | 1.0.2 | 127.00 | 245.00 | 372.00 | NOTE | |
r-patched-linux-x86_64 | 1.0.2 | 52.88 | 142.45 | 195.33 | OK | |
r-patched-solaris-x86 | 1.0.2 | 326.90 | OK | |||
r-release-linux-x86_64 | 1.0.2 | 52.86 | 143.14 | 196.00 | OK | |
r-release-windows-ix86+x86_64 | 1.0.2 | 136.00 | 247.00 | 383.00 | NOTE | |
r-release-osx-x86_64 | 1.0.2 | NOTE | ||||
r-oldrel-windows-ix86+x86_64 | 1.0.2 | 128.00 | 301.00 | 429.00 | NOTE | |
r-oldrel-osx-x86_64 | 1.0.2 | NOTE |
Version: 1.0.2
Check: installed package size
Result: NOTE
installed size is 6.1Mb
sub-directories of 1Mb or more:
doc 3.0Mb
libs 2.2Mb
Flavors: r-devel-linux-x86_64-fedora-clang, r-devel-windows-ix86+x86_64, r-release-windows-ix86+x86_64, r-release-osx-x86_64, r-oldrel-windows-ix86+x86_64, r-oldrel-osx-x86_64