Last updated on 2018-11-24 00:51:08 CET.
Flavor | Version | Tinstall | Tcheck | Ttotal | Status | Flags |
---|---|---|---|---|---|---|
r-devel-linux-x86_64-debian-clang | 0.1.1 | 3.72 | 117.91 | 121.63 | OK | |
r-devel-linux-x86_64-debian-gcc | 0.1.1 | 3.66 | 86.94 | 90.60 | OK | |
r-devel-linux-x86_64-fedora-clang | 0.1.1 | 141.05 | OK | |||
r-devel-linux-x86_64-fedora-gcc | 0.1.1 | 133.73 | OK | |||
r-devel-windows-ix86+x86_64 | 0.1.1 | 12.00 | 160.00 | 172.00 | OK | |
r-patched-linux-x86_64 | 0.1.1 | 4.41 | 111.91 | 116.32 | OK | |
r-patched-solaris-x86 | 0.1.1 | 179.20 | OK | |||
r-release-linux-x86_64 | 0.1.1 | 4.26 | 111.30 | 115.56 | OK | |
r-release-windows-ix86+x86_64 | 0.1.1 | 10.00 | 167.00 | 177.00 | OK | |
r-release-osx-x86_64 | 0.1.1 | OK | ||||
r-oldrel-osx-x86_64 | 0.1.1 | ERROR |
Version: 0.1.1
Check: whether package can be installed
Result: ERROR
Installation failed.
Flavor: r-oldrel-osx-x86_64