CRAN Package Check Results for Package ggspatial

Last updated on 2018-11-24 00:51:08 CET.

Flavor Version Tinstall Tcheck Ttotal Status Flags
r-devel-linux-x86_64-debian-clang 1.0.2 5.61 114.67 120.28 OK
r-devel-linux-x86_64-debian-gcc 1.0.2 4.71 93.03 97.74 OK
r-devel-linux-x86_64-fedora-clang 1.0.2 139.67 NOTE
r-devel-linux-x86_64-fedora-gcc 1.0.2 135.05 NOTE
r-devel-windows-ix86+x86_64 1.0.2 15.00 116.00 131.00 OK
r-patched-linux-x86_64 1.0.2 4.91 108.60 113.51 OK
r-patched-solaris-x86 1.0.2 209.90 NOTE
r-release-linux-x86_64 1.0.2 4.37 108.05 112.42 OK
r-release-windows-ix86+x86_64 1.0.2 19.00 124.00 143.00 OK
r-release-osx-x86_64 1.0.2 NOTE
r-oldrel-windows-ix86+x86_64 1.0.2 18.00 183.00 201.00 OK
r-oldrel-osx-x86_64 1.0.2 NOTE

Check Details

Version: 1.0.2
Check: dependencies in R code
Result: NOTE
    Namespaces in Imports field not imported from:
     ‘reshape2’ ‘rosm’ ‘tidyr’
     All declared Imports should be used.
Flavors: r-devel-linux-x86_64-fedora-clang, r-devel-linux-x86_64-fedora-gcc, r-patched-solaris-x86, r-release-osx-x86_64, r-oldrel-osx-x86_64