Last updated on 2018-11-24 00:51:08 CET.
Flavor | Version | Tinstall | Tcheck | Ttotal | Status | Flags |
---|---|---|---|---|---|---|
r-devel-linux-x86_64-debian-clang | 4.0.1 | 5.68 | 92.98 | 98.66 | OK | |
r-devel-linux-x86_64-debian-gcc | 4.0.1 | 3.99 | 71.93 | 75.92 | OK | |
r-devel-linux-x86_64-fedora-clang | 4.0.1 | 112.56 | NOTE | |||
r-devel-linux-x86_64-fedora-gcc | 4.0.1 | 107.42 | NOTE | |||
r-devel-windows-ix86+x86_64 | 4.0.1 | 14.00 | 148.00 | 162.00 | OK | |
r-patched-linux-x86_64 | 4.0.1 | 6.01 | 87.05 | 93.06 | OK | |
r-patched-solaris-x86 | 4.0.1 | 154.10 | NOTE | |||
r-release-linux-x86_64 | 4.0.1 | 4.29 | 87.70 | 91.99 | OK | |
r-release-windows-ix86+x86_64 | 4.0.1 | 13.00 | 104.00 | 117.00 | OK | |
r-release-osx-x86_64 | 4.0.1 | NOTE | ||||
r-oldrel-windows-ix86+x86_64 | 4.0.1 | 14.00 | 148.00 | 162.00 | OK | |
r-oldrel-osx-x86_64 | 4.0.1 | NOTE |
Version: 4.0.1
Check: data for non-ASCII characters
Result: NOTE
Note: found 138 marked UTF-8 strings
Flavors: r-devel-linux-x86_64-fedora-clang, r-devel-linux-x86_64-fedora-gcc, r-patched-solaris-x86, r-release-osx-x86_64, r-oldrel-osx-x86_64