Last updated on 2018-11-24 00:51:08 CET.
Flavor | Version | Tinstall | Tcheck | Ttotal | Status | Flags |
---|---|---|---|---|---|---|
r-devel-linux-x86_64-debian-clang | 3.0 | 136.56 | 137.49 | 274.05 | OK | |
r-devel-linux-x86_64-debian-gcc | 3.0 | 70.02 | 23.30 | 93.32 | OK | |
r-devel-linux-x86_64-fedora-clang | 3.0 | 233.52 | NOTE | |||
r-devel-linux-x86_64-fedora-gcc | 3.0 | 137.07 | OK | |||
r-devel-windows-ix86+x86_64 | 3.0 | 163.00 | 77.00 | 240.00 | OK | |
r-patched-linux-x86_64 | 3.0 | 81.63 | 26.94 | 108.57 | OK | |
r-patched-solaris-x86 | 3.0 | 185.00 | OK | |||
r-release-linux-x86_64 | 3.0 | 80.41 | 26.99 | 107.40 | OK | |
r-release-windows-ix86+x86_64 | 3.0 | 164.00 | 79.00 | 243.00 | OK | |
r-release-osx-x86_64 | 3.0 | NOTE | ||||
r-oldrel-windows-ix86+x86_64 | 3.0 | 167.00 | 76.00 | 243.00 | OK | |
r-oldrel-osx-x86_64 | 3.0 | NOTE |
Version: 3.0
Check: installed package size
Result: NOTE
installed size is 9.3Mb
sub-directories of 1Mb or more:
libs 9.1Mb
Flavors: r-devel-linux-x86_64-fedora-clang, r-release-osx-x86_64, r-oldrel-osx-x86_64