Last updated on 2018-11-24 00:51:08 CET.
Flavor | Version | Tinstall | Tcheck | Ttotal | Status | Flags |
---|---|---|---|---|---|---|
r-devel-linux-x86_64-debian-clang | 0.3.0 | 3.62 | 45.40 | 49.02 | OK | |
r-devel-linux-x86_64-debian-gcc | 0.3.0 | 3.35 | 36.38 | 39.73 | OK | |
r-devel-linux-x86_64-fedora-clang | 0.3.0 | 58.15 | NOTE | |||
r-devel-linux-x86_64-fedora-gcc | 0.3.0 | 56.54 | NOTE | |||
r-devel-windows-ix86+x86_64 | 0.3.0 | 13.00 | 63.00 | 76.00 | OK | |
r-patched-linux-x86_64 | 0.3.0 | 4.88 | 42.58 | 47.46 | OK | |
r-patched-solaris-x86 | 0.3.0 | 85.20 | NOTE | |||
r-release-linux-x86_64 | 0.3.0 | 3.83 | 42.59 | 46.42 | OK | |
r-release-windows-ix86+x86_64 | 0.3.0 | 14.00 | 63.00 | 77.00 | OK | |
r-release-osx-x86_64 | 0.3.0 | NOTE | ||||
r-oldrel-windows-ix86+x86_64 | 0.3.0 | 13.00 | 99.00 | 112.00 | OK | |
r-oldrel-osx-x86_64 | 0.3.0 | NOTE |
Version: 0.3.0
Check: dependencies in R code
Result: NOTE
Namespace in Imports field not imported from: ‘tibble’
All declared Imports should be used.
Flavors: r-devel-linux-x86_64-fedora-clang, r-devel-linux-x86_64-fedora-gcc, r-patched-solaris-x86, r-release-osx-x86_64, r-oldrel-osx-x86_64