CRAN Package Check Results for Package gsDesign

Last updated on 2018-11-24 00:51:08 CET.

Flavor Version Tinstall Tcheck Ttotal Status Flags
r-devel-linux-x86_64-debian-clang 3.0-1 10.16 103.82 113.98 NOTE
r-devel-linux-x86_64-debian-gcc 3.0-1 8.96 80.70 89.66 NOTE
r-devel-linux-x86_64-fedora-clang 3.0-1 135.52 NOTE
r-devel-linux-x86_64-fedora-gcc 3.0-1 131.03 NOTE
r-devel-windows-ix86+x86_64 3.0-1 30.00 135.00 165.00 NOTE
r-patched-linux-x86_64 3.0-1 11.46 101.41 112.87 NOTE
r-patched-solaris-x86 3.0-1 165.20 NOTE
r-release-linux-x86_64 3.0-1 11.01 100.26 111.27 NOTE
r-release-windows-ix86+x86_64 3.0-1 41.00 142.00 183.00 NOTE
r-release-osx-x86_64 3.0-1 NOTE
r-oldrel-windows-ix86+x86_64 3.0-1 23.00 174.00 197.00 NOTE
r-oldrel-osx-x86_64 3.0-1 NOTE

Check Details

Version: 3.0-1
Check: R code for possible problems
Result: NOTE
    plotgsCP: no visible global function definition for ‘opts’
    plotgsPower: no visible global function definition for ‘opts’
    qplotit: no visible global function definition for ‘opts’
    Undefined global functions or variables:
     opts
Flavors: r-devel-linux-x86_64-debian-clang, r-devel-linux-x86_64-debian-gcc, r-devel-linux-x86_64-fedora-clang, r-devel-linux-x86_64-fedora-gcc, r-devel-windows-ix86+x86_64, r-patched-linux-x86_64, r-patched-solaris-x86, r-release-linux-x86_64, r-release-windows-ix86+x86_64, r-release-osx-x86_64, r-oldrel-windows-ix86+x86_64, r-oldrel-osx-x86_64

Version: 3.0-1
Check: compiled code
Result: NOTE
    File ‘gsDesign/libs/gsDesign.so’:
     Found no calls to: ‘R_registerRoutines’, ‘R_useDynamicSymbols’
    
    It is good practice to register native routines and to disable symbol
    search.
    
    See ‘Writing portable packages’ in the ‘Writing R Extensions’ manual.
Flavors: r-devel-linux-x86_64-fedora-clang, r-devel-linux-x86_64-fedora-gcc