Last updated on 2018-11-24 00:51:08 CET.
Flavor | Version | Tinstall | Tcheck | Ttotal | Status | Flags |
---|---|---|---|---|---|---|
r-devel-linux-x86_64-debian-clang | 0.1-4 | 1.76 | 25.07 | 26.83 | NOTE | |
r-devel-linux-x86_64-debian-gcc | 0.1-4 | 1.47 | 20.50 | 21.97 | NOTE | |
r-devel-linux-x86_64-fedora-clang | 0.1-4 | 32.35 | NOTE | |||
r-devel-linux-x86_64-fedora-gcc | 0.1-4 | 30.71 | NOTE | |||
r-devel-windows-ix86+x86_64 | 0.1-4 | 4.00 | 34.00 | 38.00 | NOTE | |
r-patched-linux-x86_64 | 0.1-4 | 1.19 | 23.68 | 24.87 | NOTE | |
r-patched-solaris-x86 | 0.1-4 | 50.00 | NOTE | |||
r-release-linux-x86_64 | 0.1-4 | 1.74 | 24.34 | 26.08 | NOTE | |
r-release-windows-ix86+x86_64 | 0.1-4 | 4.00 | 51.00 | 55.00 | NOTE | |
r-release-osx-x86_64 | 0.1-4 | NOTE | ||||
r-oldrel-windows-ix86+x86_64 | 0.1-4 | 3.00 | 49.00 | 52.00 | NOTE | |
r-oldrel-osx-x86_64 | 0.1-4 | NOTE |
Version: 0.1-4
Check: R code for possible problems
Result: NOTE
garsim: no visible global function definition for ‘rnorm’
garsim: no visible global function definition for ‘rpois’
Undefined global functions or variables:
rnorm rpois
Consider adding
importFrom("stats", "rnorm", "rpois")
to your NAMESPACE file.
Flavors: r-devel-linux-x86_64-debian-clang, r-devel-linux-x86_64-debian-gcc, r-devel-linux-x86_64-fedora-clang, r-devel-linux-x86_64-fedora-gcc, r-devel-windows-ix86+x86_64, r-patched-linux-x86_64, r-patched-solaris-x86, r-release-linux-x86_64, r-release-windows-ix86+x86_64, r-release-osx-x86_64, r-oldrel-windows-ix86+x86_64, r-oldrel-osx-x86_64
Version: 0.1-4
Check: package dependencies
Result: NOTE
Package suggested but not available for checking: 'dse1'
Flavors: r-devel-windows-ix86+x86_64, r-release-windows-ix86+x86_64