Last updated on 2018-11-24 00:51:09 CET.
Flavor | Version | Tinstall | Tcheck | Ttotal | Status | Flags |
---|---|---|---|---|---|---|
r-devel-linux-x86_64-debian-clang | 1.0.6 | 3.18 | 48.71 | 51.89 | OK | |
r-devel-linux-x86_64-debian-gcc | 1.0.6 | 2.55 | 39.00 | 41.55 | OK | |
r-devel-linux-x86_64-fedora-clang | 1.0.6 | 63.70 | NOTE | |||
r-devel-linux-x86_64-fedora-gcc | 1.0.6 | 61.67 | NOTE | |||
r-devel-windows-ix86+x86_64 | 1.0.6 | 10.00 | 69.00 | 79.00 | OK | |
r-patched-linux-x86_64 | 1.0.6 | 2.98 | 45.54 | 48.52 | OK | |
r-patched-solaris-x86 | 1.0.6 | 96.30 | NOTE | |||
r-release-linux-x86_64 | 1.0.6 | 3.03 | 45.52 | 48.55 | OK | |
r-release-windows-ix86+x86_64 | 1.0.6 | 15.00 | 66.00 | 81.00 | OK | |
r-release-osx-x86_64 | 1.0.6 | NOTE | ||||
r-oldrel-windows-ix86+x86_64 | 1.0.6 | 10.00 | 96.00 | 106.00 | OK | |
r-oldrel-osx-x86_64 | 1.0.6 | NOTE |
Version: 1.0.6
Check: dependencies in R code
Result: NOTE
Namespaces in Imports field not imported from:
‘knitr’ ‘rmarkdown’
All declared Imports should be used.
Flavors: r-devel-linux-x86_64-fedora-clang, r-devel-linux-x86_64-fedora-gcc, r-patched-solaris-x86, r-release-osx-x86_64, r-oldrel-osx-x86_64