CRAN Package Check Results for Package hunspell

Last updated on 2018-11-24 00:51:09 CET.

Flavor Version Tinstall Tcheck Ttotal Status Flags
r-devel-linux-x86_64-debian-clang 2.9 56.69 38.17 94.86 OK
r-devel-linux-x86_64-debian-gcc 2.9 47.32 37.22 84.54 OK
r-devel-linux-x86_64-fedora-clang 2.9 151.04 NOTE
r-devel-linux-x86_64-fedora-gcc 2.9 128.92 OK
r-devel-windows-ix86+x86_64 2.9 162.00 108.00 270.00 OK
r-patched-linux-x86_64 2.9 55.59 43.64 99.23 OK
r-patched-solaris-x86 2.9 157.10 WARN
r-release-linux-x86_64 2.9 56.99 44.34 101.33 OK
r-release-windows-ix86+x86_64 2.9 167.00 140.00 307.00 OK
r-release-osx-x86_64 2.9 WARN
r-oldrel-windows-ix86+x86_64 2.9 153.00 143.00 296.00 OK
r-oldrel-osx-x86_64 2.9 WARN

Check Details

Version: 2.9
Check: installed package size
Result: NOTE
     installed size is 7.2Mb
     sub-directories of 1Mb or more:
     dict 1.3Mb
     libs 4.9Mb
Flavors: r-devel-linux-x86_64-fedora-clang, r-release-osx-x86_64, r-oldrel-osx-x86_64

Version: 2.9
Check: re-building of vignette outputs
Result: WARN
    Error in re-building vignettes:
     ...
    Warning in engine$weave(file, quiet = quiet, encoding = enc) :
     Pandoc (>= 1.12.3) and/or pandoc-citeproc not available. Falling back to R Markdown v1.
    trying URL 'https://arxiv.org/e-print/1406.4806v1'
    Content type 'application/x-eprint-tar' length 29273 bytes (28 KB)
    ==================================================
    downloaded 28 KB
    
    Quitting from lines 162-165 (intro.Rmd)
    Error: processing vignette 'intro.Rmd' failed with diagnostics:
    there is no package called 'webshot'
    Execution halted
Flavor: r-patched-solaris-x86

Version: 2.9
Check: re-building of vignette outputs
Result: WARN
    Error in re-building vignettes:
     ...
    Warning in engine$weave(file, quiet = quiet, encoding = enc) :
     Pandoc (>= 1.12.3) and/or pandoc-citeproc not available. Falling back to R Markdown v1.
    trying URL 'https://arxiv.org/e-print/1406.4806v1'
    Content type 'application/x-eprint-tar' length 29273 bytes (28 KB)
    ==================================================
    downloaded 28 KB
    
    Quitting from lines 162-165 (intro.Rmd)
    Error: processing vignette 'intro.Rmd' failed with diagnostics:
    cannot open the connection
    Execution halted
Flavors: r-release-osx-x86_64, r-oldrel-osx-x86_64