CRAN Package Check Results for Package imageData

Last updated on 2018-11-24 00:51:10 CET.

Flavor Version Tinstall Tcheck Ttotal Status Flags
r-devel-linux-x86_64-debian-clang 0.1-50 10.07 117.71 127.78 OK
r-devel-linux-x86_64-debian-gcc 0.1-50 9.13 92.86 101.99 OK
r-devel-linux-x86_64-fedora-clang 0.1-50 147.91 OK
r-devel-linux-x86_64-fedora-gcc 0.1-50 145.78 OK
r-devel-windows-ix86+x86_64 0.1-50 25.00 115.00 140.00 WARN
r-patched-linux-x86_64 0.1-50 8.39 112.46 120.85 OK
r-patched-solaris-x86 0.1-50 215.70 OK
r-release-linux-x86_64 0.1-50 10.57 112.22 122.79 OK
r-release-windows-ix86+x86_64 0.1-50 26.00 121.00 147.00 WARN
r-release-osx-x86_64 0.1-50 OK
r-oldrel-windows-ix86+x86_64 0.1-41 23.00 111.00 134.00 OK
r-oldrel-osx-x86_64 0.1-50 ERROR

Check Details

Version: 0.1-50
Check: whether package can be installed
Result: WARN
    Found the following significant warnings:
     Warning: S3 methods '[.fun_list', '[.grouped_df', 'all.equal.tbl_df', 'anti_join.data.frame', 'anti_join.tbl_df', 'arrange.data.frame', 'arrange.default', 'arrange.grouped_df', 'arrange.tbl_df', 'arrange_.data.frame', 'arrange_.tbl_df', 'as.data.frame.grouped_df', 'as.data.frame.rowwise_df', 'as.data.frame.tbl_cube', 'as.table.tbl_cube', 'as.tbl.data.frame', 'as.tbl.tbl', 'as.tbl_cube.array', 'as.tbl_cube.data.frame', 'as.tbl_cube.matrix', 'as.tbl_cube.table', 'as_tibble.grouped_df', 'as_tibble.tbl_cube', 'auto_copy.tbl_cube', 'auto_copy.tbl_df', 'cbind.grouped_df', 'collapse.data.frame', 'collect.data.frame', 'common_by.NULL', 'common_by.character', 'common_by.default', 'common_by.list', 'compute.data.frame', 'copy_to.DBIConnection', 'copy_to.src_local', 'default_missing.data.frame', 'default_missing.default', 'dim.tbl_cube', 'distinct.data.frame', 'distinct.default', 'distinct.grouped_df', 'distinct.tbl_df', 'distinct_.data.frame', 'distinct_.grouped_df', 'distinct_.tbl_df', 'do.NULL', 'do.da [... truncated]
Flavors: r-devel-windows-ix86+x86_64, r-release-windows-ix86+x86_64

Version: 0.1-50
Check: whether package can be installed
Result: ERROR
    Installation failed.
Flavor: r-oldrel-osx-x86_64