CRAN Package Check Results for Package imputePSF

Last updated on 2018-11-24 00:51:10 CET.

Flavor Version Tinstall Tcheck Ttotal Status Flags
r-devel-linux-x86_64-debian-clang 0.1.0 1.18 22.93 24.11 NOTE
r-devel-linux-x86_64-debian-gcc 0.1.0 1.18 18.67 19.85 NOTE
r-devel-linux-x86_64-fedora-clang 0.1.0 28.07 NOTE
r-devel-linux-x86_64-fedora-gcc 0.1.0 26.90 NOTE
r-devel-windows-ix86+x86_64 0.1.0 5.00 31.00 36.00 NOTE
r-patched-linux-x86_64 0.1.0 1.37 21.30 22.67 NOTE
r-patched-solaris-x86 0.1.0 46.40 NOTE
r-release-linux-x86_64 0.1.0 1.33 21.49 22.82 NOTE
r-release-windows-ix86+x86_64 0.1.0 4.00 54.00 58.00 NOTE
r-release-osx-x86_64 0.1.0 NOTE
r-oldrel-windows-ix86+x86_64 0.1.0 4.00 46.00 50.00 NOTE
r-oldrel-osx-x86_64 0.1.0 NOTE

Check Details

Version: 0.1.0
Check: R code for possible problems
Result: NOTE
    heal_data: no visible global function definition for ‘optimum_k’
    heal_data: no visible global function definition for ‘optimum_w’
    heal_data: no visible global function definition for ‘pred_for_w’
    Undefined global functions or variables:
     optimum_k optimum_w pred_for_w
Flavors: r-devel-linux-x86_64-debian-clang, r-devel-linux-x86_64-debian-gcc, r-devel-linux-x86_64-fedora-clang, r-devel-linux-x86_64-fedora-gcc, r-devel-windows-ix86+x86_64, r-patched-linux-x86_64, r-patched-solaris-x86, r-release-linux-x86_64, r-release-windows-ix86+x86_64, r-release-osx-x86_64, r-oldrel-windows-ix86+x86_64, r-oldrel-osx-x86_64