CRAN Package Check Results for Package inarmix

Last updated on 2018-11-24 00:51:10 CET.

Flavor Version Tinstall Tcheck Ttotal Status Flags
r-devel-linux-x86_64-debian-clang 0.4 27.67 70.02 97.69 NOTE
r-devel-linux-x86_64-debian-gcc 0.4 26.46 55.73 82.19 NOTE
r-devel-linux-x86_64-fedora-clang 0.4 128.27 NOTE
r-devel-linux-x86_64-fedora-gcc 0.4 122.09 NOTE
r-devel-windows-ix86+x86_64 0.4 74.00 147.00 221.00 NOTE
r-patched-linux-x86_64 0.4 32.13 67.65 99.78 NOTE
r-patched-solaris-x86 0.4 169.70 NOTE
r-release-linux-x86_64 0.4 32.76 67.00 99.76 NOTE
r-release-windows-ix86+x86_64 0.4 79.00 146.00 225.00 NOTE
r-release-osx-x86_64 0.4 NOTE
r-oldrel-windows-ix86+x86_64 0.4 77.00 161.00 238.00 NOTE
r-oldrel-osx-x86_64 0.4 NOTE

Check Details

Version: 0.4
Check: DESCRIPTION meta-information
Result: NOTE
    Malformed Title field: should not end in a period.
Flavors: r-devel-linux-x86_64-debian-clang, r-devel-linux-x86_64-debian-gcc, r-devel-linux-x86_64-fedora-clang, r-devel-linux-x86_64-fedora-gcc, r-devel-windows-ix86+x86_64, r-patched-linux-x86_64, r-patched-solaris-x86, r-release-linux-x86_64, r-release-windows-ix86+x86_64, r-release-osx-x86_64, r-oldrel-windows-ix86+x86_64, r-oldrel-osx-x86_64

Version: 0.4
Check: R code for possible problems
Result: NOTE
    GenerateMixData: no visible global function definition for ‘rnbinom’
    GenerateMixData: no visible global function definition for ‘rbeta’
    GenerateMixData: no visible global function definition for ‘rbinom’
    GenerateMixData: no visible global function definition for ‘rpois’
    InitializePars: no visible global function definition for ‘aggregate’
    InitializePars: no visible global function definition for ‘rnorm’
    MultiStart: no visible global function definition for ‘rnorm’
    MultiStart: no visible global function definition for ‘runif’
    inarmix: no visible global function definition for ‘terms’
    inarmix: no visible global function definition for ‘model.frame’
    inarmix: no visible global function definition for ‘model.response’
    inarmix: no visible global function definition for ‘model.matrix’
    print.diagnose.inarmix: no visible global function definition for
     ‘plot’
    print.diagnose.inarmix: no visible global function definition for
     ‘lines’
    print.summary.inarmix: no visible global function definition for
     ‘printCoefmat’
    summary.inarmix: no visible global function definition for ‘pnorm’
    Undefined global functions or variables:
     aggregate lines model.frame model.matrix model.response plot pnorm
     printCoefmat rbeta rbinom rnbinom rnorm rpois runif terms
    Consider adding
     importFrom("graphics", "lines", "plot")
     importFrom("stats", "aggregate", "model.frame", "model.matrix",
     "model.response", "pnorm", "printCoefmat", "rbeta",
     "rbinom", "rnbinom", "rnorm", "rpois", "runif", "terms")
    to your NAMESPACE file.
Flavors: r-devel-linux-x86_64-debian-clang, r-devel-linux-x86_64-debian-gcc, r-devel-linux-x86_64-fedora-clang, r-devel-linux-x86_64-fedora-gcc, r-devel-windows-ix86+x86_64, r-patched-linux-x86_64, r-patched-solaris-x86, r-release-linux-x86_64, r-release-windows-ix86+x86_64, r-release-osx-x86_64, r-oldrel-windows-ix86+x86_64, r-oldrel-osx-x86_64

Version: 0.4
Check: compiled code
Result: NOTE
    File ‘inarmix/libs/inarmix.so’:
     Found no calls to: ‘R_registerRoutines’, ‘R_useDynamicSymbols’
    
    It is good practice to register native routines and to disable symbol
    search.
    
    See ‘Writing portable packages’ in the ‘Writing R Extensions’ manual.
Flavors: r-devel-linux-x86_64-fedora-clang, r-devel-linux-x86_64-fedora-gcc