Last updated on 2018-11-24 00:51:10 CET.
Flavor | Version | Tinstall | Tcheck | Ttotal | Status | Flags |
---|---|---|---|---|---|---|
r-devel-windows-ix86+x86_64 | 0.21.0 | 10.00 | 63.00 | 73.00 | NOTE | |
r-release-windows-ix86+x86_64 | 0.21.0 | 8.00 | 45.00 | 53.00 | NOTE | |
r-release-osx-x86_64 | 0.21.0 | OK | ||||
r-oldrel-windows-ix86+x86_64 | 0.21.0 | 8.00 | 61.00 | 69.00 | NOTE | |
r-oldrel-osx-x86_64 | 0.21.0 | OK |
Version: 0.21.0
Check: dependencies in R code
Result: NOTE
Missing or unexported object: 'devtools::find_rtools'
Flavors: r-devel-windows-ix86+x86_64, r-release-windows-ix86+x86_64, r-oldrel-windows-ix86+x86_64