CRAN Package Check Results for Package insuranceData

Last updated on 2018-11-24 00:51:10 CET.

Flavor Version Tinstall Tcheck Ttotal Status Flags
r-devel-linux-x86_64-debian-clang 1.0 1.04 12.18 13.22 NOTE
r-devel-linux-x86_64-debian-gcc 1.0 0.81 10.07 10.88 NOTE
r-devel-linux-x86_64-fedora-clang 1.0 15.81 NOTE
r-devel-linux-x86_64-fedora-gcc 1.0 15.90 NOTE
r-devel-windows-ix86+x86_64 1.0 3.00 19.00 22.00 NOTE
r-patched-linux-x86_64 1.0 0.97 11.47 12.44 NOTE
r-patched-solaris-x86 1.0 24.70 NOTE
r-release-linux-x86_64 1.0 0.97 11.38 12.35 NOTE
r-release-windows-ix86+x86_64 1.0 5.00 23.00 28.00 NOTE
r-release-osx-x86_64 1.0 NOTE
r-oldrel-windows-ix86+x86_64 1.0 2.00 26.00 28.00 NOTE
r-oldrel-osx-x86_64 1.0 NOTE

Check Details

Version: 1.0
Check: DESCRIPTION meta-information
Result: NOTE
    Malformed Title field: should not end in a period.
Flavors: r-devel-linux-x86_64-debian-clang, r-devel-linux-x86_64-debian-gcc, r-devel-linux-x86_64-fedora-clang, r-devel-linux-x86_64-fedora-gcc, r-devel-windows-ix86+x86_64, r-patched-linux-x86_64, r-patched-solaris-x86, r-release-linux-x86_64, r-release-windows-ix86+x86_64, r-release-osx-x86_64, r-oldrel-windows-ix86+x86_64, r-oldrel-osx-x86_64