CRAN Package Check Results for Package jSonarR

Last updated on 2018-11-24 00:51:11 CET.

Flavor Version Tinstall Tcheck Ttotal Status Flags
r-devel-linux-x86_64-debian-clang 1.1.1 1.49 24.72 26.21 NOTE
r-devel-linux-x86_64-debian-gcc 1.1.1 0.84 19.85 20.69 NOTE
r-devel-linux-x86_64-fedora-clang 1.1.1 30.23 NOTE
r-devel-linux-x86_64-fedora-gcc 1.1.1 29.45 NOTE
r-devel-windows-ix86+x86_64 1.1.1 5.00 51.00 56.00 NOTE
r-patched-linux-x86_64 1.1.1 1.41 22.83 24.24 NOTE
r-patched-solaris-x86 1.1.1 47.70 NOTE
r-release-linux-x86_64 1.1.1 1.26 23.12 24.38 NOTE
r-release-windows-ix86+x86_64 1.1.1 5.00 47.00 52.00 NOTE
r-release-osx-x86_64 1.1.1 NOTE
r-oldrel-windows-ix86+x86_64 1.1.1 4.00 48.00 52.00 NOTE
r-oldrel-osx-x86_64 1.1.1 NOTE

Check Details

Version: 1.1.1
Check: R code for possible problems
Result: NOTE
    sonarCSV: no visible global function definition for ‘read.csv’
    Undefined global functions or variables:
     read.csv
    Consider adding
     importFrom("utils", "read.csv")
    to your NAMESPACE file.
Flavors: r-devel-linux-x86_64-debian-clang, r-devel-linux-x86_64-debian-gcc, r-devel-linux-x86_64-fedora-clang, r-devel-linux-x86_64-fedora-gcc, r-devel-windows-ix86+x86_64, r-patched-linux-x86_64, r-patched-solaris-x86, r-release-linux-x86_64, r-release-windows-ix86+x86_64, r-release-osx-x86_64, r-oldrel-windows-ix86+x86_64, r-oldrel-osx-x86_64