CRAN Package Check Results for Package jmv

Last updated on 2018-11-24 00:51:11 CET.

Flavor Version Tinstall Tcheck Ttotal Status Flags
r-devel-linux-x86_64-debian-clang 0.9.5 54.62 81.42 136.04 OK
r-devel-linux-x86_64-debian-gcc 0.9.5 49.77 63.39 113.16 OK
r-devel-linux-x86_64-fedora-clang 0.9.5 182.72 NOTE
r-devel-linux-x86_64-fedora-gcc 0.9.5 187.00 NOTE
r-devel-windows-ix86+x86_64 0.9.5 104.00 85.00 189.00 OK
r-patched-linux-x86_64 0.9.5 52.71 77.80 130.51 OK
r-patched-solaris-x86 0.9.5 209.50 NOTE
r-release-linux-x86_64 0.9.5 64.91 77.37 142.28 OK
r-release-windows-ix86+x86_64 0.9.5 100.00 93.00 193.00 OK
r-release-osx-x86_64 0.9.5 NOTE
r-oldrel-windows-ix86+x86_64 0.9.5 15.00 161.00 176.00 OK
r-oldrel-osx-x86_64 0.9.5 NOTE

Check Details

Version: 0.9.5
Check: dependencies in R code
Result: NOTE
    Namespaces in Imports field not imported from:
     ‘BayesFactor’ ‘GGally’ ‘GPArotation’ ‘MASS’ ‘PMCMR’ ‘R6’ ‘ROCR’
     ‘afex’ ‘car’ ‘emmeans’ ‘ggridges’ ‘lavaan’ ‘multcomp’ ‘mvnormtest’
     ‘nnet’ ‘psych’ ‘vcd’ ‘vcdExtra’
     All declared Imports should be used.
Flavors: r-devel-linux-x86_64-fedora-clang, r-devel-linux-x86_64-fedora-gcc, r-patched-solaris-x86, r-release-osx-x86_64, r-oldrel-osx-x86_64