CRAN Package Check Results for Package kdtools

Last updated on 2018-11-24 00:51:11 CET.

Flavor Version Tinstall Tcheck Ttotal Status Flags
r-devel-linux-x86_64-debian-clang 0.3.1 73.43 103.60 177.03 OK
r-devel-linux-x86_64-debian-gcc 0.3.1 52.10 78.97 131.07 OK
r-devel-linux-x86_64-fedora-clang 0.3.1 220.38 NOTE
r-devel-linux-x86_64-fedora-gcc 0.3.1 205.44 OK
r-devel-windows-ix86+x86_64 0.3.1 157.00 168.00 325.00 OK
r-patched-linux-x86_64 0.3.1 68.45 100.94 169.39 OK
r-patched-solaris-x86 0.3.1 207.10 OK
r-release-linux-x86_64 0.3.1 61.56 101.11 162.67 OK
r-release-windows-ix86+x86_64 0.3.1 154.00 128.00 282.00 OK
r-release-osx-x86_64 0.3.1 NOTE
r-oldrel-windows-ix86+x86_64 0.3.1 157.00 193.00 350.00 OK
r-oldrel-osx-x86_64 0.3.1 NOTE

Check Details

Version: 0.3.1
Check: installed package size
Result: NOTE
     installed size is 11.1Mb
     sub-directories of 1Mb or more:
     doc 1.3Mb
     libs 9.5Mb
Flavors: r-devel-linux-x86_64-fedora-clang, r-release-osx-x86_64, r-oldrel-osx-x86_64