CRAN Package Check Results for Package kerasformula

Last updated on 2018-11-24 00:51:11 CET.

Flavor Version Tinstall Tcheck Ttotal Status Flags
r-devel-linux-x86_64-debian-clang 1.5.1 6.17 67.76 73.93 OK
r-devel-linux-x86_64-debian-gcc 1.5.1 5.33 55.33 60.66 OK
r-devel-linux-x86_64-fedora-clang 1.5.1 89.80 OK
r-devel-linux-x86_64-fedora-gcc 1.5.1 93.92 OK
r-devel-windows-ix86+x86_64 1.5.1 15.00 101.00 116.00 OK
r-patched-linux-x86_64 1.5.1 5.27 62.79 68.06 OK
r-patched-solaris-x86 1.5.1 142.60 OK
r-release-linux-x86_64 1.5.1 5.69 62.11 67.80 OK
r-release-windows-ix86+x86_64 1.5.1 17.00 103.00 120.00 OK
r-release-osx-x86_64 1.5.1 WARN
r-oldrel-windows-ix86+x86_64 1.5.1 14.00 119.00 133.00 OK
r-oldrel-osx-x86_64 1.5.1 OK

Check Details

Version: 1.5.1
Check: whether package can be installed
Result: WARN
    Found the following significant warnings:
     Warning: package ‘dplyr’ was built under R version 3.5.1
Flavor: r-release-osx-x86_64