CRAN Package Check Results for Package kokudosuuchi

Last updated on 2018-11-24 00:51:11 CET.

Flavor Version Tinstall Tcheck Ttotal Status Flags
r-devel-linux-x86_64-debian-clang 0.4.2 3.34 34.98 38.32 OK
r-devel-linux-x86_64-debian-gcc 0.4.2 2.60 28.62 31.22 OK
r-devel-linux-x86_64-fedora-clang 0.4.2 44.09 NOTE
r-devel-linux-x86_64-fedora-gcc 0.4.2 42.48 NOTE
r-devel-windows-ix86+x86_64 0.4.2 8.00 51.00 59.00 OK
r-patched-linux-x86_64 0.4.2 3.28 32.76 36.04 OK
r-patched-solaris-x86 0.4.2 72.30 NOTE
r-release-linux-x86_64 0.4.2 3.29 32.64 35.93 OK
r-release-windows-ix86+x86_64 0.4.2 9.00 48.00 57.00 OK
r-release-osx-x86_64 0.4.2 NOTE
r-oldrel-windows-ix86+x86_64 0.4.2 11.00 75.00 86.00 OK
r-oldrel-osx-x86_64 0.4.2 NOTE

Check Details

Version: 0.4.2
Check: data for non-ASCII characters
Result: NOTE
     Note: found 52458 marked UTF-8 strings
Flavors: r-devel-linux-x86_64-fedora-clang, r-devel-linux-x86_64-fedora-gcc, r-patched-solaris-x86, r-release-osx-x86_64, r-oldrel-osx-x86_64