Last updated on 2018-11-24 00:51:11 CET.
Flavor | Version | Tinstall | Tcheck | Ttotal | Status | Flags |
---|---|---|---|---|---|---|
r-devel-linux-x86_64-debian-clang | 2.0.2 | 4.37 | 48.92 | 53.29 | OK | |
r-devel-linux-x86_64-debian-gcc | 2.0.2 | 3.32 | 40.44 | 43.76 | OK | |
r-devel-linux-x86_64-fedora-clang | 2.0.2 | 62.19 | OK | |||
r-devel-linux-x86_64-fedora-gcc | 2.0.2 | 61.22 | OK | |||
r-devel-windows-ix86+x86_64 | 2.0.2 | 15.00 | 103.00 | 118.00 | OK | |
r-patched-linux-x86_64 | 2.0.2 | 3.49 | 47.84 | 51.33 | OK | |
r-patched-solaris-x86 | 2.0.2 | 96.60 | NOTE | |||
r-release-linux-x86_64 | 2.0.2 | 4.81 | 47.43 | 52.24 | OK | |
r-release-windows-ix86+x86_64 | 2.0.2 | 13.00 | 103.00 | 116.00 | OK | |
r-release-osx-x86_64 | 2.0.2 | OK | ||||
r-oldrel-windows-ix86+x86_64 | 2.0.2 | 14.00 | 93.00 | 107.00 | OK | |
r-oldrel-osx-x86_64 | 2.0.2 | OK |
Version: 2.0.2
Check: installed package size
Result: NOTE
installed size is 5.4Mb
sub-directories of 1Mb or more:
htmlwidgets 3.9Mb
Flavor: r-patched-solaris-x86