Last updated on 2018-11-24 00:51:11 CET.
Flavor | Version | Tinstall | Tcheck | Ttotal | Status | Flags |
---|---|---|---|---|---|---|
r-devel-linux-x86_64-debian-clang | 0.2.1 | 4.29 | 40.60 | 44.89 | OK | |
r-devel-linux-x86_64-debian-gcc | 0.2.1 | 2.72 | 33.20 | 35.92 | OK | |
r-devel-linux-x86_64-fedora-clang | 0.2.1 | 50.13 | NOTE | |||
r-devel-linux-x86_64-fedora-gcc | 0.2.1 | 49.23 | NOTE | |||
r-devel-windows-ix86+x86_64 | 0.2.1 | 18.00 | 82.00 | 100.00 | NOTE | |
r-patched-linux-x86_64 | 0.2.1 | 3.17 | 38.98 | 42.15 | OK | |
r-patched-solaris-x86 | 0.2.1 | 80.20 | NOTE | |||
r-release-linux-x86_64 | 0.2.1 | 3.55 | 39.19 | 42.74 | OK | |
r-release-windows-ix86+x86_64 | 0.2.1 | 15.00 | 72.00 | 87.00 | NOTE | |
r-release-osx-x86_64 | 0.2.1 | NOTE | ||||
r-oldrel-windows-ix86+x86_64 | 0.2.1 | 19.00 | 72.00 | 91.00 | NOTE | |
r-oldrel-osx-x86_64 | 0.2.1 | NOTE |
Version: 0.2.1
Check: installed package size
Result: NOTE
installed size is 12.1Mb
sub-directories of 1Mb or more:
geojson 11.9Mb
Flavors: r-devel-linux-x86_64-fedora-clang, r-devel-windows-ix86+x86_64, r-patched-solaris-x86, r-release-windows-ix86+x86_64, r-release-osx-x86_64, r-oldrel-windows-ix86+x86_64, r-oldrel-osx-x86_64
Version: 0.2.1
Check: dependencies in R code
Result: NOTE
Namespace in Imports field not imported from: ‘rgeos’
All declared Imports should be used.
Flavors: r-devel-linux-x86_64-fedora-clang, r-devel-linux-x86_64-fedora-gcc, r-patched-solaris-x86, r-release-osx-x86_64, r-oldrel-osx-x86_64
Version: 0.2.1
Check: data for non-ASCII characters
Result: NOTE
Note: found 1096 marked UTF-8 strings
Flavors: r-devel-linux-x86_64-fedora-clang, r-devel-linux-x86_64-fedora-gcc, r-patched-solaris-x86, r-release-osx-x86_64, r-oldrel-osx-x86_64