CRAN Package Check Results for Package leafletR

Last updated on 2018-11-24 00:51:11 CET.

Flavor Version Tinstall Tcheck Ttotal Status Flags
r-devel-linux-x86_64-debian-clang 0.4-0 2.48 26.19 28.67 OK
r-devel-linux-x86_64-debian-gcc 0.4-0 2.19 21.85 24.04 OK
r-devel-linux-x86_64-fedora-clang 0.4-0 33.55 OK
r-devel-linux-x86_64-fedora-gcc 0.4-0 33.10 OK
r-devel-windows-ix86+x86_64 0.4-0 7.00 57.00 64.00 OK
r-patched-linux-x86_64 0.4-0 2.00 25.11 27.11 OK
r-patched-solaris-x86 0.4-0 51.30 OK
r-release-linux-x86_64 0.4-0 1.97 25.01 26.98 OK
r-release-windows-ix86+x86_64 0.4-0 6.00 51.00 57.00 OK
r-release-osx-x86_64 0.4-0 OK
r-oldrel-windows-ix86+x86_64 0.4-0 4.00 42.00 46.00 OK
r-oldrel-osx-x86_64 0.4-0 NOTE

Check Details

Version: 0.4-0
Check: package dependencies
Result: NOTE
    Package suggested but not available for checking: ‘rgdal’
Flavor: r-oldrel-osx-x86_64