Last updated on 2018-11-24 00:51:12 CET.
Flavor | Version | Tinstall | Tcheck | Ttotal | Status | Flags |
---|---|---|---|---|---|---|
r-devel-linux-x86_64-debian-clang | 1.5 | 30.46 | 254.43 | 284.89 | OK | |
r-devel-linux-x86_64-debian-gcc | 1.5 | 25.97 | 202.96 | 228.93 | OK | |
r-devel-linux-x86_64-fedora-clang | 1.5 | 334.96 | OK | |||
r-devel-linux-x86_64-fedora-gcc | 1.5 | 341.80 | OK | |||
r-devel-windows-ix86+x86_64 | 1.5 | 57.00 | 257.00 | 314.00 | OK | |
r-patched-linux-x86_64 | 1.5 | 26.93 | 250.71 | 277.64 | OK | |
r-patched-solaris-x86 | 1.5 | 476.00 | OK | |||
r-release-linux-x86_64 | 1.5 | 28.49 | 247.15 | 275.64 | OK | |
r-release-windows-ix86+x86_64 | 1.5 | 58.00 | 256.00 | 314.00 | OK | |
r-release-osx-x86_64 | 1.5 | ERROR | ||||
r-oldrel-windows-ix86+x86_64 | 1.5 | 42.00 | 288.00 | 330.00 | OK | |
r-oldrel-osx-x86_64 | 1.5 | OK |
Version: 1.5
Check: package dependencies
Result: ERROR
Package required but not available: ‘rpanel’
See section ‘The DESCRIPTION file’ in the ‘Writing R Extensions’
manual.
Flavor: r-release-osx-x86_64