Last updated on 2018-11-24 00:51:12 CET.
Flavor | Version | Tinstall | Tcheck | Ttotal | Status | Flags |
---|---|---|---|---|---|---|
r-devel-linux-x86_64-debian-clang | 1.2.1 | 55.81 | 100.09 | 155.90 | OK | |
r-devel-linux-x86_64-debian-gcc | 1.2.1 | 48.24 | 171.09 | 219.33 | OK | |
r-devel-linux-x86_64-fedora-clang | 1.2.1 | 168.29 | NOTE | |||
r-devel-linux-x86_64-fedora-gcc | 1.2.1 | 171.59 | OK | |||
r-devel-windows-ix86+x86_64 | 1.2.1 | 118.00 | 354.00 | 472.00 | NOTE | --no-vignettes |
r-patched-linux-x86_64 | 1.2.1 | 53.68 | 96.99 | 150.67 | OK | |
r-patched-solaris-x86 | 1.2.1 | 172.40 | OK | |||
r-release-linux-x86_64 | 1.2.1 | 53.30 | 97.19 | 150.49 | OK | |
r-release-windows-ix86+x86_64 | 1.2.1 | 120.00 | 333.00 | 453.00 | NOTE | --no-vignettes |
r-release-osx-x86_64 | 1.2.1 | NOTE | ||||
r-oldrel-windows-ix86+x86_64 | 1.2.1 | 125.00 | 402.00 | 527.00 | NOTE | --no-vignettes |
r-oldrel-osx-x86_64 | 1.2.1 | NOTE |
Version: 1.2.1
Check: installed package size
Result: NOTE
installed size is 11.6Mb
sub-directories of 1Mb or more:
doc 2.2Mb
libs 8.8Mb
Flavors: r-devel-linux-x86_64-fedora-clang, r-release-osx-x86_64, r-oldrel-osx-x86_64
Version: 1.2.1
Flags: --no-vignettes
Check: installed package size
Result: NOTE
installed size is 5.8Mb
sub-directories of 1Mb or more:
doc 2.2Mb
libs 3.0Mb
Flavors: r-devel-windows-ix86+x86_64, r-release-windows-ix86+x86_64, r-oldrel-windows-ix86+x86_64