CRAN Package Check Results for Package localgauss

Last updated on 2018-11-24 00:51:12 CET.

Flavor Version Tinstall Tcheck Ttotal Status Flags
r-devel-linux-x86_64-debian-clang 0.40 3.41 20.96 24.37 OK
r-devel-linux-x86_64-debian-gcc 0.40 2.76 17.14 19.90 OK
r-devel-linux-x86_64-fedora-clang 0.40 29.55 NOTE
r-devel-linux-x86_64-fedora-gcc 0.40 28.90 NOTE
r-devel-windows-ix86+x86_64 0.40 15.00 66.00 81.00 OK
r-patched-linux-x86_64 0.40 2.73 20.19 22.92 OK
r-patched-solaris-x86 0.40 52.90 OK
r-release-linux-x86_64 0.40 3.16 20.18 23.34 OK
r-release-windows-ix86+x86_64 0.40 15.00 72.00 87.00 OK
r-release-osx-x86_64 0.40 OK
r-oldrel-windows-ix86+x86_64 0.40 18.00 67.00 85.00 OK
r-oldrel-osx-x86_64 0.40 OK

Check Details

Version: 0.40
Check: compiled code
Result: NOTE
    File ‘localgauss/libs/localgauss.so’:
     Found no calls to: ‘R_registerRoutines’, ‘R_useDynamicSymbols’
    
    It is good practice to register native routines and to disable symbol
    search.
    
    See ‘Writing portable packages’ in the ‘Writing R Extensions’ manual.
Flavors: r-devel-linux-x86_64-fedora-clang, r-devel-linux-x86_64-fedora-gcc