Last updated on 2018-11-24 00:51:12 CET.
Flavor | Version | Tinstall | Tcheck | Ttotal | Status | Flags |
---|---|---|---|---|---|---|
r-devel-linux-x86_64-debian-clang | 1.0.0 | 4.30 | 79.15 | 83.45 | OK | |
r-devel-linux-x86_64-debian-gcc | 1.0.0 | 3.66 | 63.91 | 67.57 | OK | |
r-devel-linux-x86_64-fedora-clang | 1.0.0 | 105.52 | NOTE | |||
r-devel-linux-x86_64-fedora-gcc | 1.0.0 | 104.15 | NOTE | |||
r-devel-windows-ix86+x86_64 | 1.0.0 | 15.00 | 79.00 | 94.00 | OK | |
r-patched-linux-x86_64 | 1.0.0 | 4.67 | 76.22 | 80.89 | OK | |
r-patched-solaris-x86 | 1.0.0 | 157.60 | NOTE | |||
r-release-linux-x86_64 | 1.0.0 | 3.92 | 77.21 | 81.13 | OK | |
r-release-windows-ix86+x86_64 | 1.0.0 | 13.00 | 93.00 | 106.00 | OK | |
r-release-osx-x86_64 | 1.0.0 | NOTE | ||||
r-oldrel-windows-ix86+x86_64 | 1.0.0 | 13.00 | 112.00 | 125.00 | OK | |
r-oldrel-osx-x86_64 | 1.0.0 | NOTE |
Version: 1.0.0
Check: dependencies in R code
Result: NOTE
Namespaces in Imports field not imported from:
‘FactoMineR’ ‘NLRoot’ ‘ade4’ ‘lars’ ‘pdist’ ‘psych’
All declared Imports should be used.
Flavors: r-devel-linux-x86_64-fedora-clang, r-devel-linux-x86_64-fedora-gcc, r-patched-solaris-x86, r-release-osx-x86_64, r-oldrel-osx-x86_64