Last updated on 2018-11-24 00:51:12 CET.
Flavor | Version | Tinstall | Tcheck | Ttotal | Status | Flags |
---|---|---|---|---|---|---|
r-devel-linux-x86_64-debian-clang | 5.6.13 | 31.27 | 19.05 | 50.32 | OK | |
r-devel-linux-x86_64-debian-gcc | 5.6.13 | 22.71 | 15.57 | 38.28 | OK | |
r-devel-linux-x86_64-fedora-clang | 5.6.13 | 62.10 | NOTE | |||
r-devel-linux-x86_64-fedora-gcc | 5.6.13 | 59.58 | NOTE | |||
r-devel-windows-ix86+x86_64 | 5.6.13 | 172.00 | 38.00 | 210.00 | OK | |
r-patched-linux-x86_64 | 5.6.13 | 27.75 | 17.97 | 45.72 | OK | |
r-patched-solaris-x86 | 5.6.13 | 92.40 | OK | |||
r-release-linux-x86_64 | 5.6.13 | 28.34 | 18.02 | 46.36 | OK | |
r-release-windows-ix86+x86_64 | 5.6.13 | 188.00 | 37.00 | 225.00 | OK | |
r-release-osx-x86_64 | 5.6.13 | OK | ||||
r-oldrel-windows-ix86+x86_64 | 5.6.13 | 133.00 | 52.00 | 185.00 | OK | |
r-oldrel-osx-x86_64 | 5.6.13 | OK |
Version: 5.6.13
Check: compiled code
Result: NOTE
File ‘lpSolve/libs/lpSolve.so’:
Found no calls to: ‘R_registerRoutines’, ‘R_useDynamicSymbols’
It is good practice to register native routines and to disable symbol
search.
See ‘Writing portable packages’ in the ‘Writing R Extensions’ manual.
Flavors: r-devel-linux-x86_64-fedora-clang, r-devel-linux-x86_64-fedora-gcc